{"id":702,"date":"2016-05-23T12:00:42","date_gmt":"2016-05-23T10:00:42","guid":{"rendered":"http:\/\/artherapievirtus.org\/vda\/?page_id=702"},"modified":"2021-08-16T15:36:56","modified_gmt":"2021-08-16T13:36:56","slug":"cesari-atelier-7-sable","status":"publish","type":"page","link":"https:\/\/artherapievirtus.org\/vda\/propositions-dateliers\/cesari-atelier-7-sable\/","title":{"rendered":"4\/ Emmanuelle Cesari \u2013 Atelier 7 \u2013 Sable \u2013 Le syndrome du survivant"},"content":{"rendered":"<h4><span style=\"color: #333399;\"><span style=\"color: #339966;\">4\/ AP = Arts plastiques = Emmanuelle Cesari<\/span><\/span><\/h4>\n<p><img loading=\"lazy\" class=\"alignleft wp-image-710 size-medium\" src=\"http:\/\/artherapievirtus.org\/vda\/wp-content\/uploads\/2016\/05\/Les-bacs-bleus-300x231.gif\" alt=\"Les-bacs-bleus\" width=\"300\" height=\"231\" \/><img loading=\"lazy\" class=\"wp-image-711 size-medium aligncenter\" src=\"http:\/\/artherapievirtus.org\/vda\/wp-content\/uploads\/2016\/05\/Sable-sur-table-231x300.gif\" alt=\"Sable-sur-table\" width=\"231\" height=\"300\" \/>L\u2019art-th\u00e9rapie selon Nicole Weil, Il s\u2019agit essentiellement d\u2019une qu\u00eate du SENS en partant des sens et sensations, le mot \u00ab sens \u00bb \u00e9tant \u00e0 entendre aussi bien dans ce qui se joue au quotidien, que dans ce qui touche \u00e0 la m\u00e9taphysique, comme la question du SENS DE SA VIE.<\/p>\n<blockquote><p>C.G.JUNG fut le premier psychanalyste \u00e0 associer \u00e0 ses recherches des \u00abinterm\u00e9diaires \u00bb. Quand il ne comprenait pas ce que son inconscient cherchait \u00e0 lui communiquer, il laissait simplement faire ses mains dans des pierres, de la terre, du sable, et, consid\u00e9rant sa r\u00e9alisation, son p\u00e9n\u00e9trant regard y lisait des suggestions, voire des r\u00e9ponses \u00e0 ses questionnements du moment, il disait \u00e0 ses \u00e9l\u00e8ves :<br \/>\n\u00ab Soyez cr\u00e9atifs\u2026 et surtout ne vous dites jamais jungiens ! \u00bb Il ne voulait pas engendrer une race de perroquets.<\/p><\/blockquote>\n<p>Quand il n&rsquo;y a pas de sens, le premier sens qui vient, c&rsquo;est la culpabilit\u00e9.<\/p>\n<h4><span style=\"color: #993300;\">Atelier sur le th\u00e8me de la qu\u00eate de sens<\/span><\/h4>\n<p>Les hommes quels qu\u2019ils soient cherchent toujours \u00e0 donner un sens \u00e0 ce qu&rsquo;ils ont v\u00e9cu.<\/p>\n<h4><span style=\"color: #333399;\">Consigne<\/span><\/h4>\n<p>Un bac d\u2019eau \u00e0 disposition pour se laver les mains. On peut travailler debout ou assis.<br \/>\nOn choisit de travailler soit en commun, soit en individuel et au bout d\u2019une heure on inversera.<br \/>\nIl peut \u00eatre d\u00e9cid\u00e9 en commun de faire des photos ou non au fur et \u00e0 mesure de l\u2019\u00e9dification des \u0153uvres avant de les d\u00e9truire.<br \/>\nLe sable renvoie aux jeux sur la plage et fait remonter dans l\u2019enfance et on peut passer en revue les formes de figures qui renvoient aux phobies.<\/p>\n<h5><span style=\"color: #008000;\">Un espace volume \u2013 groupe V<\/span><\/h5>\n<p><span style=\"color: #993300;\"><strong>Travail en commun<\/strong><\/span><br \/>\n\u2022 Prendre contact avec le mat\u00e9riau<br \/>\n\u2022 Demander de mettre en place une forme en commun. Ce qui \u00e9merge au premier jet, c\u2019est un ch\u00e2teau de sable. Puis peu \u00e0 peu on note une \u00e9volution du ch\u00e2teau qui se transforme en animal.<br \/>\n<em>Souvent ce groupe travaille en bavardant.<\/em><\/p>\n<h5><span style=\"color: #008000;\">Un espace graphique avec 3 couleurs \u2013\u00a0groupe G<\/span><\/h5>\n<p><span style=\"color: #993300;\"><strong>Travail individuel<\/strong><\/span><br \/>\n\u2022 Prendre contact avec le mat\u00e9riau.<br \/>\n\u2022 \u00c9grenez le sable sur le papier en cr\u00e9ant une composition en utilisant les couleurs.<br \/>\n\u2022 Utiliser des pinceaux pour dessiner avec le sable.<br \/>\n<em>Souvent ce groupe reste muet.<\/em><\/p>\n<h4><span style=\"color: #333399;\">Objectifs<\/span><\/h4>\n<p>\u2022 Travail sur la culpabilit\u00e9<\/p>\n<hr \/>\n<h4><span style=\"color: #993300;\">Dur\u00e9e<\/span><\/h4>\n<p>Deux heures :<br \/>\nUn temps sera pr\u00e9vu entre les deux heures de travail et \u00e0 la fin de la s\u00e9ance pour reverser le sable dans le bac initial et pr\u00e9voir un bac dans lequel mettre le sable dont les couleurs auront \u00e9t\u00e9 m\u00e9lang\u00e9es.<br \/>\n<span style=\"color: #993300;\">Participants<\/span><\/p>\n<p>10 sujets \u2013 1 aide \u2013 1 Art-th\u00e9rapeute<\/p>\n<h4><span style=\"color: #993300;\">Mat\u00e9riel<\/span><\/h4>\n<p><span style=\"color: #008000;\">groupe V<\/span><br \/>\nSur une table faites de plusieurs tables c\u00f4te \u00e0 c\u00f4te, un tas de sable naturel \u00e0 disposition.<br \/>\n<span style=\"color: #008000;\">groupe G<\/span><br \/>\nPlusieurs tables mises c\u00f4te \u00e0 c\u00f4te.<br \/>\nTrois bacs avec le sable de couleur bleu, rouge et naturelle.<br \/>\n<strong><span style=\"color: #008000;\">\u2022<\/span> <\/strong>Je partage les outils.<\/p>\n<p>http:\/\/www.cultura.com<br \/>\nhttp:\/\/www.geant-beaux-arts.fr<\/p>\n<table style=\"height: 294px;\" width=\"700\">\n<tbody>\n<tr>\n<td width=\"120\">\n<h5>Sable<\/h5>\n<p><em>amazon.fr\/<\/em><br \/>\n<a href=\"https:\/\/www.amazon.fr\/Aquarium-daquarium-hochrein-Livraison-lAllemagne\/dp\/B0194OK66U\/ref=pd_sim_sbs_199_6?ie=UTF8&amp;dpID=41Q5X3elBVL&amp;dpSrc=sims&amp;preST=_AC_UL160_SR160%2C160_&amp;psc=1&amp;refRID=KPMWKW6YM518EQPGCPA1\" target=\"_blank\" rel=\"noopener\">25 kg Sable d&rsquo;aquarium sol Gravier hochrein Gris clair H1<\/a><\/p>\n<p><em>beauxarts.fr<\/em><br \/>\n<a href=\"http:\/\/www.geant-beaux-arts.fr\/Ete2016\/La-creation-a-l-honneur\/Tous-les-produits\/Sable-colore.html\" target=\"_blank\" rel=\"noopener\">Sable color\u00e9 marron fonc\u00e9 1 kg<\/a><br \/>\n<a href=\"http:\/\/www.geant-beaux-arts.fr\/Ete2016\/La-creation-a-l-honneur\/Tous-les-produits\/Sable-colore.html\" target=\"_blank\" rel=\"noopener\">1kg &#8211; jaune ocre<\/a><br \/>\n<a href=\"http:\/\/www.geant-beaux-arts.fr\/Ete2016\/La-creation-a-l-honneur\/Tous-les-produits\/Sable-colore.html\" target=\"_blank\" rel=\"noopener\">1kg &#8211; rouge<\/a><\/td>\n<td width=\"71\">&nbsp;<\/p>\n<p>&nbsp;<\/p>\n<p>10,89 x 3<\/p>\n<p>24,95 \u20ac x 2<br \/>\n24,95 \u20ac x 2<br \/>\n24,95 \u20ac x 2<\/td>\n<td style=\"text-align: right;\" width=\"71\">&nbsp;<\/p>\n<p>&nbsp;<\/p>\n<p><span style=\"color: #800000;\">32,67\u00a0 \u20ac<\/span><\/p>\n<p><span style=\"color: #000000;\"><span style=\"color: #800000;\">49,90 \u20ac<\/span><br \/>\n<span style=\"color: #800000;\">49,90 \u20ac<\/span><br \/>\n<span style=\"color: #800000;\">49,90 \u20ac<\/span><br \/>\n<\/span><\/td>\n<\/tr>\n<\/tbody>\n<\/table>\n<h4 style=\"text-align: right;\"><span style=\"color: #800000;\">182,37 \u20ac<\/span><\/h4>\n<h4><span style=\"color: #993300;\">Setting<\/span><\/h4>\n<p>L&rsquo;organisation de la salle, de l&rsquo;espace :<br \/>\n2 fois des tables r\u00e9unies selon le nombre de personnes par table.<br \/>\nInstallation \u2013 15 mn<br \/>\nRangement \u2013 15 mn<\/p>\n<hr \/>\n<p><span style=\"color: #008000;\">\u2022<\/span> Ne pas aller contre la culpabilit\u00e9.\u00a0 Ne pas renvoyer, mais vous n&rsquo;avez pas \u00e0 vous sentir coupable, mais vous n&rsquo;y \u00eates pour rien parce que ce serait renforcer la perte de sens.<br \/>\nVous n&rsquo;avez pas \u00e0 vous en vouloir, donc le sujet va s&rsquo;en vouloir encore plus.<br \/>\nSi le sujet n&rsquo;y est pour rien, il retombe dans le n\u00e9ant.<br \/>\n<span style=\"color: #008000;\">\u2022<\/span> Vous ramenez quelque chose qui a du sens en tant qu&rsquo;artiste, parce que vous \u00eates ext\u00e9rieur, mais si vous affirmez que \u00ab\u00a0vous n&rsquo;\u00eates pas coupable\u00a0\u00bb, pour qui il se prend ? Il n&rsquo;y \u00e9tait pas. Ne pas s&rsquo;opposer au sentiment ressenti.<\/p>\n<p>Notre travail est de faire accepter l&rsquo;id\u00e9e que \u00e7a n&rsquo;a pas de sens et que rien ne justifie ces attentats. Que la loi va intervenir pour la punition.<\/p>\n<div data-canvas-width=\"20.423333333333332\">L&rsquo;Art-th\u00e9rapeute est le rempart des affects volatiles qui tendent \u00e0 \u00e9merger pendant l\u2019atelier. Par sa pr\u00e9sence, il participe au cadre de celui-ci. Il \u00e9nonce les r\u00e8gles ; avec l\u2019institution, il participe \u00e0 la \u00ab peau interne \u00bb de l\u2019atelier, il est \u00ab conteneur \u00bb.<\/div>\n<div data-canvas-width=\"532.2166666666666\">Il veille \u00e0 ce que la pr\u00e9sence des participants soit reli\u00e9e \u00e0 l\u2019atelier et valorise l\u2019effort de repr\u00e9sentation.<\/div>\n<div data-canvas-width=\"233.54833333333326\">Il permet aussi au sujet de mettre en mot les sentiments que lui ont procur\u00e9s sa cr\u00e9ation, il est \u00ab catalyseur \u00bb de la symbolisation. Il se place dans \u00ab une \u00e9coute paradoxalement flottante et attentive, avec un regard qui permet \u00e0 l\u2019autre de se sentir s\u00e9curis\u00e9 et exist\u00e9 dans son unit\u00e9 et ses diff\u00e9rences. \u00bb<\/div>\n<div data-canvas-width=\"375.1366666666667\">\n<p>Il participe pleinement \u00e0 l\u2019activit\u00e9, r\u00e9alisant une activit\u00e9 commune avec le sujet. Il n\u2019est jamais seul, accompagn\u00e9 d\u2019une aide.\u00a0 Ainsi le contenant est double.<\/p>\n<hr \/>\n<p><img loading=\"lazy\" class=\"aligncenter wp-image-5234 \" src=\"http:\/\/artherapievirtus.org\/vda\/wp-content\/uploads\/2016\/05\/Flyer-13-or-de-vie-E-496x1024.jpg\" alt=\"flyer-13-or-de-vie-e\" width=\"339\" height=\"700\" srcset=\"https:\/\/artherapievirtus.org\/vda\/wp-content\/uploads\/2016\/05\/Flyer-13-or-de-vie-E-496x1024.jpg 496w, https:\/\/artherapievirtus.org\/vda\/wp-content\/uploads\/2016\/05\/Flyer-13-or-de-vie-E-145x300.jpg 145w, https:\/\/artherapievirtus.org\/vda\/wp-content\/uploads\/2016\/05\/Flyer-13-or-de-vie-E.jpg 529w\" sizes=\"(max-width: 339px) 100vw, 339px\" \/><\/p>\n<\/div>\n<div class=\"sharedaddy sd-sharing-enabled\"><div class=\"robots-nocontent sd-block sd-social sd-social-official sd-sharing\"><h3 class=\"sd-title\">Partager\u00a0:<\/h3><div class=\"sd-content\"><ul><li class=\"share-facebook\"><div class=\"fb-share-button\" data-href=\"https:\/\/artherapievirtus.org\/vda\/propositions-dateliers\/cesari-atelier-7-sable\/\" data-layout=\"button_count\"><\/div><\/li><li class=\"share-twitter\"><a href=\"https:\/\/twitter.com\/share\" class=\"twitter-share-button\" data-url=\"https:\/\/artherapievirtus.org\/vda\/propositions-dateliers\/cesari-atelier-7-sable\/\" data-text=\"4\/ Emmanuelle Cesari \u2013 Atelier 7 \u2013 Sable \u2013 Le syndrome du survivant\"  >Tweet<\/a><\/li><li class=\"share-linkedin\"><div class=\"linkedin_button\"><script type=\"in\/share\" data-url=\"https:\/\/artherapievirtus.org\/vda\/propositions-dateliers\/cesari-atelier-7-sable\/\" data-counter=\"right\"><\/script><\/div><\/li><li><a href=\"#\" class=\"sharing-anchor sd-button share-more\"><span>Plus<\/span><\/a><\/li><li class=\"share-end\"><\/li><\/ul><div class=\"sharing-hidden\"><div class=\"inner\" style=\"display: none;\"><ul><li class=\"share-print\"><a rel=\"nofollow noopener noreferrer\" data-shared=\"\" class=\"share-print sd-button\" href=\"https:\/\/artherapievirtus.org\/vda\/propositions-dateliers\/cesari-atelier-7-sable\/\" target=\"_blank\" title=\"Cliquer pour imprimer\"><span>Imprimer<\/span><\/a><\/li><li class=\"share-email\"><a rel=\"nofollow noopener noreferrer\" data-shared=\"\" class=\"share-email sd-button\" href=\"https:\/\/artherapievirtus.org\/vda\/propositions-dateliers\/cesari-atelier-7-sable\/?share=email\" target=\"_blank\" title=\"Cliquez pour envoyer par e-mail \u00e0 un ami\"><span>E-mail<\/span><\/a><\/li><li class=\"share-end\"><\/li><li class=\"share-end\"><\/li><\/ul><\/div><\/div><\/div><\/div><\/div>","protected":false},"excerpt":{"rendered":"<p>4\/ AP = Arts plastiques = Emmanuelle Cesari L\u2019art-th\u00e9rapie selon Nicole Weil, Il s\u2019agit essentiellement d\u2019une qu\u00eate du SENS en partant des sens et sensations, le mot \u00ab sens \u00bb \u00e9tant \u00e0 entendre aussi bien dans ce qui se joue au quotidien, que dans ce qui touche \u00e0 la m\u00e9taphysique, comme la question du SENS&hellip; <\/p>\n<p class=\"toivo-read-more\"><a href=\"https:\/\/artherapievirtus.org\/vda\/propositions-dateliers\/cesari-atelier-7-sable\/\" class=\"more-link\">Lire la suite <span class=\"screen-reader-text\">de<\/span> <span class=\"screen-reader-text\">4\/ Emmanuelle Cesari \u2013 Atelier 7 \u2013 Sable \u2013 Le syndrome du survivant<\/span><\/a><\/p>\n<div class=\"sharedaddy sd-sharing-enabled\"><div class=\"robots-nocontent sd-block sd-social sd-social-official sd-sharing\"><h3 class=\"sd-title\">Partager\u00a0:<\/h3><div class=\"sd-content\"><ul><li class=\"share-facebook\"><div class=\"fb-share-button\" data-href=\"https:\/\/artherapievirtus.org\/vda\/propositions-dateliers\/cesari-atelier-7-sable\/\" data-layout=\"button_count\"><\/div><\/li><li class=\"share-twitter\"><a href=\"https:\/\/twitter.com\/share\" class=\"twitter-share-button\" data-url=\"https:\/\/artherapievirtus.org\/vda\/propositions-dateliers\/cesari-atelier-7-sable\/\" data-text=\"4\/ Emmanuelle Cesari \u2013 Atelier 7 \u2013 Sable \u2013 Le syndrome du survivant\"  >Tweet<\/a><\/li><li class=\"share-linkedin\"><div class=\"linkedin_button\"><script type=\"in\/share\" data-url=\"https:\/\/artherapievirtus.org\/vda\/propositions-dateliers\/cesari-atelier-7-sable\/\" data-counter=\"right\"><\/script><\/div><\/li><li><a href=\"#\" class=\"sharing-anchor sd-button share-more\"><span>Plus<\/span><\/a><\/li><li class=\"share-end\"><\/li><\/ul><div class=\"sharing-hidden\"><div class=\"inner\" style=\"display: none;\"><ul><li class=\"share-print\"><a rel=\"nofollow noopener noreferrer\" data-shared=\"\" class=\"share-print sd-button\" href=\"https:\/\/artherapievirtus.org\/vda\/propositions-dateliers\/cesari-atelier-7-sable\/\" target=\"_blank\" title=\"Cliquer pour imprimer\"><span>Imprimer<\/span><\/a><\/li><li class=\"share-email\"><a rel=\"nofollow noopener noreferrer\" data-shared=\"\" class=\"share-email sd-button\" href=\"https:\/\/artherapievirtus.org\/vda\/propositions-dateliers\/cesari-atelier-7-sable\/?share=email\" target=\"_blank\" title=\"Cliquez pour envoyer par e-mail \u00e0 un ami\"><span>E-mail<\/span><\/a><\/li><li class=\"share-end\"><\/li><li class=\"share-end\"><\/li><\/ul><\/div><\/div><\/div><\/div><\/div>","protected":false},"author":3,"featured_media":1119,"parent":552,"menu_order":4,"comment_status":"open","ping_status":"closed","template":"","meta":{"spay_email":""},"yoast_head":"<!-- This site is optimized with the Yoast SEO plugin v17.2.1 - https:\/\/yoast.com\/wordpress\/plugins\/seo\/ -->\n<title>4\/ Emmanuelle Cesari \u2013 Atelier 7 \u2013 Sable \u2013 Le syndrome du survivant - 13 OR DE VIE \u2013 Victimes des attentats<\/title>\n<meta name=\"description\" content=\"Atelier 7 \u2013 Sable, qu\u00eate de sens, phobies, culpabilit\u00e9, \u00e7a n&#039;a pas de sens, attentats, affects volatiles, symbolisation, contenant est double\" \/>\n<meta name=\"robots\" content=\"index, follow, max-snippet:-1, max-image-preview:large, max-video-preview:-1\" \/>\n<link rel=\"canonical\" href=\"https:\/\/artherapievirtus.org\/vda\/propositions-dateliers\/cesari-atelier-7-sable\/\" \/>\n<meta property=\"og:locale\" content=\"fr_FR\" \/>\n<meta property=\"og:type\" content=\"article\" \/>\n<meta property=\"og:title\" content=\"4\/ Emmanuelle Cesari \u2013 Atelier 7 \u2013 Sable \u2013 Le syndrome du survivant - 13 OR DE VIE \u2013 Victimes des attentats\" \/>\n<meta property=\"og:description\" content=\"Atelier 7 \u2013 Sable, qu\u00eate de sens, phobies, culpabilit\u00e9, \u00e7a n&#039;a pas de sens, attentats, affects volatiles, symbolisation, contenant est double\" \/>\n<meta property=\"og:url\" content=\"https:\/\/artherapievirtus.org\/vda\/propositions-dateliers\/cesari-atelier-7-sable\/\" \/>\n<meta property=\"og:site_name\" content=\"13 OR DE VIE \u2013 Victimes des attentats\" \/>\n<meta property=\"article:publisher\" content=\"https:\/\/www.facebook.com\/artherapievirtus.org\/\" \/>\n<meta property=\"article:modified_time\" content=\"2021-08-16T13:36:56+00:00\" \/>\n<meta property=\"og:image\" content=\"https:\/\/artherapievirtus.org\/vda\/wp-content\/uploads\/2015\/11\/Identite\u0301-2011-petite-e1468957910544.jpg\" \/>\n\t<meta property=\"og:image:width\" content=\"117\" \/>\n\t<meta property=\"og:image:height\" content=\"154\" \/>\n<meta name=\"twitter:card\" content=\"summary\" \/>\n<meta name=\"twitter:site\" content=\"@artherapie75\" \/>\n<meta name=\"twitter:label1\" content=\"Dur\u00e9e de lecture estim\u00e9e\" \/>\n\t<meta name=\"twitter:data1\" content=\"5 minutes\" \/>\n<script type=\"application\/ld+json\" class=\"yoast-schema-graph\">{\"@context\":\"https:\/\/schema.org\",\"@graph\":[{\"@type\":\"WebSite\",\"@id\":\"https:\/\/artherapievirtus.org\/vda\/#website\",\"url\":\"https:\/\/artherapievirtus.org\/vda\/\",\"name\":\"13 OR DE VIE \\u2013 Victimes des attentats\",\"description\":\"Ce blogue  13 OR DE VIE est un outil collaboratif pour les ateliers d\\u2019Art-Th\\u00e9rapie  \\u00e0 l\\u2019intention des victimes du terrorisme\",\"potentialAction\":[{\"@type\":\"SearchAction\",\"target\":{\"@type\":\"EntryPoint\",\"urlTemplate\":\"https:\/\/artherapievirtus.org\/vda\/?s={search_term_string}\"},\"query-input\":\"required name=search_term_string\"}],\"inLanguage\":\"fr-FR\"},{\"@type\":\"ImageObject\",\"@id\":\"https:\/\/artherapievirtus.org\/vda\/propositions-dateliers\/cesari-atelier-7-sable\/#primaryimage\",\"inLanguage\":\"fr-FR\",\"url\":\"https:\/\/artherapievirtus.org\/vda\/wp-content\/uploads\/2015\/11\/Identite\\u0301-2011-petite-e1468957910544.jpg\",\"contentUrl\":\"https:\/\/artherapievirtus.org\/vda\/wp-content\/uploads\/2015\/11\/Identite\\u0301-2011-petite-e1468957910544.jpg\",\"width\":117,\"height\":154},{\"@type\":\"WebPage\",\"@id\":\"https:\/\/artherapievirtus.org\/vda\/propositions-dateliers\/cesari-atelier-7-sable\/#webpage\",\"url\":\"https:\/\/artherapievirtus.org\/vda\/propositions-dateliers\/cesari-atelier-7-sable\/\",\"name\":\"4\/ Emmanuelle Cesari \\u2013 Atelier 7 \\u2013 Sable \\u2013 Le syndrome du survivant - 13 OR DE VIE \\u2013 Victimes des attentats\",\"isPartOf\":{\"@id\":\"https:\/\/artherapievirtus.org\/vda\/#website\"},\"primaryImageOfPage\":{\"@id\":\"https:\/\/artherapievirtus.org\/vda\/propositions-dateliers\/cesari-atelier-7-sable\/#primaryimage\"},\"datePublished\":\"2016-05-23T10:00:42+00:00\",\"dateModified\":\"2021-08-16T13:36:56+00:00\",\"description\":\"Atelier 7 \\u2013 Sable, qu\\u00eate de sens, phobies, culpabilit\\u00e9, \\u00e7a n'a pas de sens, attentats, affects volatiles, symbolisation, contenant est double\",\"breadcrumb\":{\"@id\":\"https:\/\/artherapievirtus.org\/vda\/propositions-dateliers\/cesari-atelier-7-sable\/#breadcrumb\"},\"inLanguage\":\"fr-FR\",\"potentialAction\":[{\"@type\":\"ReadAction\",\"target\":[\"https:\/\/artherapievirtus.org\/vda\/propositions-dateliers\/cesari-atelier-7-sable\/\"]}]},{\"@type\":\"BreadcrumbList\",\"@id\":\"https:\/\/artherapievirtus.org\/vda\/propositions-dateliers\/cesari-atelier-7-sable\/#breadcrumb\",\"itemListElement\":[{\"@type\":\"ListItem\",\"position\":1,\"name\":\"Accueil\",\"item\":\"https:\/\/artherapievirtus.org\/vda\/\"},{\"@type\":\"ListItem\",\"position\":2,\"name\":\"Propositions d&rsquo;ateliers d&rsquo;Art-Th\\u00e9rapie\",\"item\":\"https:\/\/artherapievirtus.org\/vda\/propositions-dateliers\/\"},{\"@type\":\"ListItem\",\"position\":3,\"name\":\"4\/ Emmanuelle Cesari \\u2013 Atelier 7 \\u2013 Sable \\u2013 Le syndrome du survivant\"}]}]}<\/script>\n<!-- \/ Yoast SEO plugin. -->","yoast_head_json":{"title":"4\/ Emmanuelle Cesari \u2013 Atelier 7 \u2013 Sable \u2013 Le syndrome du survivant - 13 OR DE VIE \u2013 Victimes des attentats","description":"Atelier 7 \u2013 Sable, qu\u00eate de sens, phobies, culpabilit\u00e9, \u00e7a n'a pas de sens, attentats, affects volatiles, symbolisation, contenant est double","robots":{"index":"index","follow":"follow","max-snippet":"max-snippet:-1","max-image-preview":"max-image-preview:large","max-video-preview":"max-video-preview:-1"},"canonical":"https:\/\/artherapievirtus.org\/vda\/propositions-dateliers\/cesari-atelier-7-sable\/","og_locale":"fr_FR","og_type":"article","og_title":"4\/ Emmanuelle Cesari \u2013 Atelier 7 \u2013 Sable \u2013 Le syndrome du survivant - 13 OR DE VIE \u2013 Victimes des attentats","og_description":"Atelier 7 \u2013 Sable, qu\u00eate de sens, phobies, culpabilit\u00e9, \u00e7a n'a pas de sens, attentats, affects volatiles, symbolisation, contenant est double","og_url":"https:\/\/artherapievirtus.org\/vda\/propositions-dateliers\/cesari-atelier-7-sable\/","og_site_name":"13 OR DE VIE \u2013 Victimes des attentats","article_publisher":"https:\/\/www.facebook.com\/artherapievirtus.org\/","article_modified_time":"2021-08-16T13:36:56+00:00","og_image":[{"width":117,"height":154,"url":"https:\/\/artherapievirtus.org\/vda\/wp-content\/uploads\/2015\/11\/Identite\u0301-2011-petite-e1468957910544.jpg","path":"\/home\/artherapq\/www\/vda\/wp-content\/uploads\/2015\/11\/Identite\u0301-2011-petite-e1468957910544.jpg","size":"full","id":1119,"alt":"","pixels":18018,"type":"image\/jpeg"}],"twitter_card":"summary","twitter_site":"@artherapie75","twitter_misc":{"Dur\u00e9e de lecture estim\u00e9e":"5 minutes"},"schema":{"@context":"https:\/\/schema.org","@graph":[{"@type":"WebSite","@id":"https:\/\/artherapievirtus.org\/vda\/#website","url":"https:\/\/artherapievirtus.org\/vda\/","name":"13 OR DE VIE \u2013 Victimes des attentats","description":"Ce blogue  13 OR DE VIE est un outil collaboratif pour les ateliers d\u2019Art-Th\u00e9rapie  \u00e0 l\u2019intention des victimes du terrorisme","potentialAction":[{"@type":"SearchAction","target":{"@type":"EntryPoint","urlTemplate":"https:\/\/artherapievirtus.org\/vda\/?s={search_term_string}"},"query-input":"required name=search_term_string"}],"inLanguage":"fr-FR"},{"@type":"ImageObject","@id":"https:\/\/artherapievirtus.org\/vda\/propositions-dateliers\/cesari-atelier-7-sable\/#primaryimage","inLanguage":"fr-FR","url":"https:\/\/artherapievirtus.org\/vda\/wp-content\/uploads\/2015\/11\/Identite\u0301-2011-petite-e1468957910544.jpg","contentUrl":"https:\/\/artherapievirtus.org\/vda\/wp-content\/uploads\/2015\/11\/Identite\u0301-2011-petite-e1468957910544.jpg","width":117,"height":154},{"@type":"WebPage","@id":"https:\/\/artherapievirtus.org\/vda\/propositions-dateliers\/cesari-atelier-7-sable\/#webpage","url":"https:\/\/artherapievirtus.org\/vda\/propositions-dateliers\/cesari-atelier-7-sable\/","name":"4\/ Emmanuelle Cesari \u2013 Atelier 7 \u2013 Sable \u2013 Le syndrome du survivant - 13 OR DE VIE \u2013 Victimes des attentats","isPartOf":{"@id":"https:\/\/artherapievirtus.org\/vda\/#website"},"primaryImageOfPage":{"@id":"https:\/\/artherapievirtus.org\/vda\/propositions-dateliers\/cesari-atelier-7-sable\/#primaryimage"},"datePublished":"2016-05-23T10:00:42+00:00","dateModified":"2021-08-16T13:36:56+00:00","description":"Atelier 7 \u2013 Sable, qu\u00eate de sens, phobies, culpabilit\u00e9, \u00e7a n'a pas de sens, attentats, affects volatiles, symbolisation, contenant est double","breadcrumb":{"@id":"https:\/\/artherapievirtus.org\/vda\/propositions-dateliers\/cesari-atelier-7-sable\/#breadcrumb"},"inLanguage":"fr-FR","potentialAction":[{"@type":"ReadAction","target":["https:\/\/artherapievirtus.org\/vda\/propositions-dateliers\/cesari-atelier-7-sable\/"]}]},{"@type":"BreadcrumbList","@id":"https:\/\/artherapievirtus.org\/vda\/propositions-dateliers\/cesari-atelier-7-sable\/#breadcrumb","itemListElement":[{"@type":"ListItem","position":1,"name":"Accueil","item":"https:\/\/artherapievirtus.org\/vda\/"},{"@type":"ListItem","position":2,"name":"Propositions d&rsquo;ateliers d&rsquo;Art-Th\u00e9rapie","item":"https:\/\/artherapievirtus.org\/vda\/propositions-dateliers\/"},{"@type":"ListItem","position":3,"name":"4\/ Emmanuelle Cesari \u2013 Atelier 7 \u2013 Sable \u2013 Le syndrome du survivant"}]}]}},"jetpack_sharing_enabled":true,"jetpack_likes_enabled":true,"_links":{"self":[{"href":"https:\/\/artherapievirtus.org\/vda\/wp-json\/wp\/v2\/pages\/702"}],"collection":[{"href":"https:\/\/artherapievirtus.org\/vda\/wp-json\/wp\/v2\/pages"}],"about":[{"href":"https:\/\/artherapievirtus.org\/vda\/wp-json\/wp\/v2\/types\/page"}],"author":[{"embeddable":true,"href":"https:\/\/artherapievirtus.org\/vda\/wp-json\/wp\/v2\/users\/3"}],"replies":[{"embeddable":true,"href":"https:\/\/artherapievirtus.org\/vda\/wp-json\/wp\/v2\/comments?post=702"}],"version-history":[{"count":29,"href":"https:\/\/artherapievirtus.org\/vda\/wp-json\/wp\/v2\/pages\/702\/revisions"}],"predecessor-version":[{"id":7781,"href":"https:\/\/artherapievirtus.org\/vda\/wp-json\/wp\/v2\/pages\/702\/revisions\/7781"}],"up":[{"embeddable":true,"href":"https:\/\/artherapievirtus.org\/vda\/wp-json\/wp\/v2\/pages\/552"}],"wp:featuredmedia":[{"embeddable":true,"href":"https:\/\/artherapievirtus.org\/vda\/wp-json\/wp\/v2\/media\/1119"}],"wp:attachment":[{"href":"https:\/\/artherapievirtus.org\/vda\/wp-json\/wp\/v2\/media?parent=702"}],"curies":[{"name":"wp","href":"https:\/\/api.w.org\/{rel}","templated":true}]}}