{"id":5368,"date":"2016-11-19T10:43:02","date_gmt":"2016-11-19T08:43:02","guid":{"rendered":"http:\/\/artherapievirtus.org\/vda\/?page_id=5368"},"modified":"2017-01-21T07:23:10","modified_gmt":"2017-01-21T05:23:10","slug":"mission-generale-de-art-therapeute","status":"publish","type":"page","link":"https:\/\/artherapievirtus.org\/vda\/description-de-postes\/mission-generale-de-art-therapeute\/","title":{"rendered":"Mission g\u00e9n\u00e9rale de l&rsquo;Art-th\u00e9rapeute"},"content":{"rendered":"<p>Mission g\u00e9n\u00e9rale de l&rsquo;art-th\u00e9rapeute<br \/>\nNotre travail d\u2019art-th\u00e9rapeute est li\u00e9 \u00e0 notre capacit\u00e9 \u00e0 la relation et \u00e0 la symbolisation.<\/p>\n<blockquote><p>Extrait du r\u00e9f\u00e9rentiel d\u2019emploi<br \/>\n<a href=\"http:\/\/www.cncp.gouv.fr\/sites\/default\/files\/media\/arreteenregistrementrncp20120810.pdf\" target=\"_blank\">RNCP JO du 22\/08\/2012<\/a><br \/>\nSous une autorit\u00e9 m\u00e9dicale ou institutionnelle, l\u2019activit\u00e9 de l\u2019art-th\u00e9rapeute r\u00e9pond au protocole sanitaire de la structure d\u2019accueil (indications, objectifs, dur\u00e9e de prise en charge&#8230;).<\/p><\/blockquote>\n<h6><span style=\"color: #ffcc00;\">L\u2019art-th\u00e9rapeute doit \u00eatre capable de :<\/span><\/h6>\n<p><span style=\"color: #ffcc00;\"><strong>\u2022 <\/strong><\/span>R\u00e9aliser un \u00e9tat initial (mental, physique et social) du patient en collaboration avec l\u2019\u00e9quipe de soins.<br \/>\n<strong> <span style=\"color: #ffcc00;\">\u2022<\/span><\/strong> Construire un programme d\u2019intervention art-th\u00e9rapeutique dans le respect des prescriptions, du protocole g\u00e9n\u00e9ral th\u00e9rapeutique ou institutionnel, des r\u00e8gles d\u00e9ontologiques, de l\u2019\u00e9thique sanitaire et \u00e9galement de sa sp\u00e9cificit\u00e9 disciplinaire (op\u00e9ration artistique, sites d\u2019action&#8230;).<br \/>\n<span style=\"color: #ffcc00;\"><strong>\u2022 <\/strong><\/span>Mettre en \u0153uvre et adapter en s\u00e9ance le programme d\u2019intervention en respectant les capacit\u00e9s pr\u00e9serv\u00e9es du patient et son \u00e9tat g\u00e9n\u00e9ral lors de l\u2019atelier.<br \/>\n<span style=\"color: #ffcc00;\"><strong>\u2022 <\/strong><\/span>Conduire des actions d\u2019\u00e9valuation art-th\u00e9rapeutique (fiche d\u2019observation) avant, pendant et apr\u00e8s la prise en charge.<br \/>\n<span style=\"color: #ffcc00;\"><strong>\u2022 <\/strong><\/span>Retranscrire, tout au long du suivi, les r\u00e9sultats de prise en charge \u00e0 l\u2019autorit\u00e9 r\u00e9f\u00e9rente ou \u00e0 l\u2019ensemble de l\u2019\u00e9quipe en r\u00e9unions de synth\u00e8se, tout en respectant le secret professionnel.<br \/>\nDans certains cas, l&rsquo;art-th\u00e9rapeute peut \u00eatre amen\u00e9 \u00e0 organiser une pr\u00e9sentation des productions r\u00e9alis\u00e9es par les patients (expositions, spectacles&#8230;).<br \/>\nCette activit\u00e9 devra se faire en accord avec le projet th\u00e9rapeutique, la r\u00e9glementation<br \/>\nrelative au droit d&rsquo;auteur et toujours dans le respect du patient.<\/p>\n<hr \/>\n<p>Les participant.e.s sont libres de venir ou non. Ils\/elles ne sont pas oblig\u00e9.e.s. Rien ne les oblige \u00e0 rester jusqu\u2019au bout, jusqu\u2019\u00e0 une possible r\u00e9alisation finale. Il est indispensable de faire comprendre et admettre que l\u2019on ne sait pas enti\u00e8rement \u00e0 l\u2019avance ce que l\u2019on va faire. Comme le dit Olivier Gosse la r\u00e9alisation artistique n\u2019est pas un produit manufactur\u00e9 dont on conna\u00eet \u00e0 l\u2019avance la forme d\u00e9finitive. Le r\u00e9sultat final n\u2019est jamais totalement conforme \u00e0 l\u2019objectif pos\u00e9 au d\u00e9part. L\u2019art se d\u00e9veloppe selon le syndrome de Christophe Colomb\u00a0: on part ouvrir une nouvelle route pour les Indes et on d\u00e9couvre l\u2019Am\u00e9rique. On part \u00e0 l\u2019aventure\u2026 Ce que l\u2019on projette de r\u00e9aliser, on va le d\u00e9couvrir, l\u2019inventer, le construire en chemin\u2026<br \/>\n<span style=\"color: #ffcc00;\"><strong>\u2022 <\/strong><\/span>Gosse O. (D\u00e9cembre 1983). <em>La revue de l\u2019art-th\u00e9rapie<\/em>, Inecat, n\u00b0 84, p.\u00a020.<\/p>\n<hr \/>\n<h5>Pour le collectif 13 <img loading=\"lazy\" class=\"wp-image-3130 alignnone\" src=\"http:\/\/artherapievirtus.org\/vda\/wp-content\/uploads\/2016\/08\/O-brut-150x150.jpg\" alt=\"O brut\" width=\"20\" height=\"21\" srcset=\"https:\/\/artherapievirtus.org\/vda\/wp-content\/uploads\/2016\/08\/O-brut-150x150.jpg 150w, https:\/\/artherapievirtus.org\/vda\/wp-content\/uploads\/2016\/08\/O-brut-140x140.jpg 140w, https:\/\/artherapievirtus.org\/vda\/wp-content\/uploads\/2016\/08\/O-brut.jpg 152w\" sizes=\"(max-width: 20px) 100vw, 20px\" \/>r de vie<\/h5>\n<p>L\u2019art-th\u00e9rapeute doit \u00eatre capable de :<br \/>\n<span style=\"color: #ffcc00;\"><strong>\u2022 <\/strong><\/span>Construire un programme d\u2019intervention art th\u00e9rapeutique<br \/>\ndans le respect du protocole g\u00e9n\u00e9ral th\u00e9rapeutique, des r\u00e8gles d\u00e9ontologiques, de l\u2019\u00e9thique sanitaire et de la sp\u00e9cificit\u00e9 des b\u00e9n\u00e9ficiaires accueillis.<br \/>\n<span style=\"color: #ffcc00;\"><strong>\u2022 <\/strong><\/span>Mettre en \u0153uvre et adapter en s\u00e9ances le programme d\u2019intervention en respectant les capacit\u00e9s pr\u00e9serv\u00e9es du patient et son \u00e9tat g\u00e9n\u00e9ral lors de l\u2019atelier.<br \/>\n<span style=\"color: #ffcc00;\"><strong>\u2022 <\/strong><\/span>Conduire des actions d\u2019\u00e9valuation art-th\u00e9rapeutique (fiche d\u2019observation) avant, pendant et apr\u00e8s la prise en charge.<br \/>\n<span style=\"color: #ffcc00;\"><strong>\u2022 <\/strong><\/span>Retranscrire, tout au long du suivi, les r\u00e9sultats de prise en charge tout en respectant le secret professionnel.<br \/>\nDans certains cas, l&rsquo;art-th\u00e9rapeute peut \u00eatre amen\u00e9 \u00e0 :<br \/>\n<span style=\"color: #ffcc00;\"><strong>\u2022 <\/strong><\/span>Organiser, si cela s\u2019av\u00e8re judicieux, une pr\u00e9sentation des productions r\u00e9alis\u00e9es par les participant.e.s (expositions, spectacles\u2026). Cette activit\u00e9 devra se faire en accord avec le projet th\u00e9rapeutique, la r\u00e9glementation relative au droit d\u2019auteur et toujours dans le respect du patient.<br \/>\nActivit\u00e9s connexes de l\u2019art-th\u00e9rapeute :<br \/>\n<span style=\"color: #ffcc00;\"><strong>\u2022 <\/strong><\/span>formation continue (s\u00e9minaires, colloques, conf\u00e9rences\u2026)<br \/>\n<span style=\"color: #ffcc00;\"><strong>\u2022 <\/strong><\/span>supervision r\u00e9guli\u00e8re de sa pratique, en individuel ou en groupe<br \/>\n<span style=\"color: #ffcc00;\"><strong>\u2022 <\/strong><\/span>covision (groupe de r\u00e9flexion\/analyse des pratiques avec des pairs)<br \/>\n<span style=\"color: #ffcc00;\"><strong>\u2022 <\/strong><\/span>participation \u00e0 des activit\u00e9s de travaux de recherche et de documentation<br \/>\n<span style=\"color: #ffcc00;\"><strong>\u2022 <\/strong><\/span>pratique artistique r\u00e9guli\u00e8re<\/p>\n<div class=\"sharedaddy sd-sharing-enabled\"><div class=\"robots-nocontent sd-block sd-social sd-social-official sd-sharing\"><h3 class=\"sd-title\">Partager\u00a0:<\/h3><div class=\"sd-content\"><ul><li class=\"share-facebook\"><div class=\"fb-share-button\" data-href=\"https:\/\/artherapievirtus.org\/vda\/description-de-postes\/mission-generale-de-art-therapeute\/\" data-layout=\"button_count\"><\/div><\/li><li class=\"share-twitter\"><a href=\"https:\/\/twitter.com\/share\" class=\"twitter-share-button\" data-url=\"https:\/\/artherapievirtus.org\/vda\/description-de-postes\/mission-generale-de-art-therapeute\/\" data-text=\"Mission g\u00e9n\u00e9rale de l&#039;Art-th\u00e9rapeute\"  >Tweet<\/a><\/li><li class=\"share-linkedin\"><div class=\"linkedin_button\"><script type=\"in\/share\" data-url=\"https:\/\/artherapievirtus.org\/vda\/description-de-postes\/mission-generale-de-art-therapeute\/\" data-counter=\"right\"><\/script><\/div><\/li><li><a href=\"#\" class=\"sharing-anchor sd-button share-more\"><span>Plus<\/span><\/a><\/li><li class=\"share-end\"><\/li><\/ul><div class=\"sharing-hidden\"><div class=\"inner\" style=\"display: none;\"><ul><li class=\"share-print\"><a rel=\"nofollow noopener noreferrer\" data-shared=\"\" class=\"share-print sd-button\" href=\"https:\/\/artherapievirtus.org\/vda\/description-de-postes\/mission-generale-de-art-therapeute\/\" target=\"_blank\" title=\"Cliquer pour imprimer\"><span>Imprimer<\/span><\/a><\/li><li class=\"share-email\"><a rel=\"nofollow noopener noreferrer\" data-shared=\"\" class=\"share-email sd-button\" href=\"https:\/\/artherapievirtus.org\/vda\/description-de-postes\/mission-generale-de-art-therapeute\/?share=email\" target=\"_blank\" title=\"Cliquez pour envoyer par e-mail \u00e0 un ami\"><span>E-mail<\/span><\/a><\/li><li class=\"share-end\"><\/li><li class=\"share-end\"><\/li><\/ul><\/div><\/div><\/div><\/div><\/div>","protected":false},"excerpt":{"rendered":"<p>Mission g\u00e9n\u00e9rale de l&rsquo;art-th\u00e9rapeute Notre travail d\u2019art-th\u00e9rapeute est li\u00e9 \u00e0 notre capacit\u00e9 \u00e0 la relation et \u00e0 la symbolisation. Extrait du r\u00e9f\u00e9rentiel d\u2019emploi RNCP JO du 22\/08\/2012 Sous une autorit\u00e9 m\u00e9dicale ou institutionnelle, l\u2019activit\u00e9 de l\u2019art-th\u00e9rapeute r\u00e9pond au protocole sanitaire de la structure d\u2019accueil (indications, objectifs, dur\u00e9e de prise en charge&#8230;). L\u2019art-th\u00e9rapeute doit \u00eatre capable&hellip; <\/p>\n<p class=\"toivo-read-more\"><a href=\"https:\/\/artherapievirtus.org\/vda\/description-de-postes\/mission-generale-de-art-therapeute\/\" class=\"more-link\">Lire la suite <span class=\"screen-reader-text\">de<\/span> <span class=\"screen-reader-text\">Mission g\u00e9n\u00e9rale de l&rsquo;Art-th\u00e9rapeute<\/span><\/a><\/p>\n<div class=\"sharedaddy sd-sharing-enabled\"><div class=\"robots-nocontent sd-block sd-social sd-social-official sd-sharing\"><h3 class=\"sd-title\">Partager\u00a0:<\/h3><div class=\"sd-content\"><ul><li class=\"share-facebook\"><div class=\"fb-share-button\" data-href=\"https:\/\/artherapievirtus.org\/vda\/description-de-postes\/mission-generale-de-art-therapeute\/\" data-layout=\"button_count\"><\/div><\/li><li class=\"share-twitter\"><a href=\"https:\/\/twitter.com\/share\" class=\"twitter-share-button\" data-url=\"https:\/\/artherapievirtus.org\/vda\/description-de-postes\/mission-generale-de-art-therapeute\/\" data-text=\"Mission g\u00e9n\u00e9rale de l&#039;Art-th\u00e9rapeute\"  >Tweet<\/a><\/li><li class=\"share-linkedin\"><div class=\"linkedin_button\"><script type=\"in\/share\" data-url=\"https:\/\/artherapievirtus.org\/vda\/description-de-postes\/mission-generale-de-art-therapeute\/\" data-counter=\"right\"><\/script><\/div><\/li><li><a href=\"#\" class=\"sharing-anchor sd-button share-more\"><span>Plus<\/span><\/a><\/li><li class=\"share-end\"><\/li><\/ul><div class=\"sharing-hidden\"><div class=\"inner\" style=\"display: none;\"><ul><li class=\"share-print\"><a rel=\"nofollow noopener noreferrer\" data-shared=\"\" class=\"share-print sd-button\" href=\"https:\/\/artherapievirtus.org\/vda\/description-de-postes\/mission-generale-de-art-therapeute\/\" target=\"_blank\" title=\"Cliquer pour imprimer\"><span>Imprimer<\/span><\/a><\/li><li class=\"share-email\"><a rel=\"nofollow noopener noreferrer\" data-shared=\"\" class=\"share-email sd-button\" href=\"https:\/\/artherapievirtus.org\/vda\/description-de-postes\/mission-generale-de-art-therapeute\/?share=email\" target=\"_blank\" title=\"Cliquez pour envoyer par e-mail \u00e0 un ami\"><span>E-mail<\/span><\/a><\/li><li class=\"share-end\"><\/li><li class=\"share-end\"><\/li><\/ul><\/div><\/div><\/div><\/div><\/div>","protected":false},"author":3,"featured_media":0,"parent":5370,"menu_order":2,"comment_status":"closed","ping_status":"closed","template":"","meta":{"spay_email":""},"yoast_head":"<!-- This site is optimized with the Yoast SEO plugin v17.2.1 - https:\/\/yoast.com\/wordpress\/plugins\/seo\/ -->\n<title>Mission g\u00e9n\u00e9rale de l&#039;Art-th\u00e9rapeute - 13 OR DE VIE \u2013 Victimes des attentats<\/title>\n<meta name=\"description\" content=\"Mission g\u00e9n\u00e9rale de l&#039;art-th\u00e9rapeute\" \/>\n<meta name=\"robots\" content=\"index, follow, max-snippet:-1, max-image-preview:large, max-video-preview:-1\" \/>\n<link rel=\"canonical\" href=\"https:\/\/artherapievirtus.org\/vda\/description-de-postes\/mission-generale-de-art-therapeute\/\" \/>\n<meta property=\"og:locale\" content=\"fr_FR\" \/>\n<meta property=\"og:type\" content=\"article\" \/>\n<meta property=\"og:title\" content=\"Mission g\u00e9n\u00e9rale de l&#039;Art-th\u00e9rapeute - 13 OR DE VIE \u2013 Victimes des attentats\" \/>\n<meta property=\"og:description\" content=\"Mission g\u00e9n\u00e9rale de l&#039;art-th\u00e9rapeute\" \/>\n<meta property=\"og:url\" content=\"https:\/\/artherapievirtus.org\/vda\/description-de-postes\/mission-generale-de-art-therapeute\/\" \/>\n<meta property=\"og:site_name\" content=\"13 OR DE VIE \u2013 Victimes des attentats\" \/>\n<meta property=\"article:publisher\" content=\"https:\/\/www.facebook.com\/artherapievirtus.org\/\" \/>\n<meta property=\"article:modified_time\" content=\"2017-01-21T05:23:10+00:00\" \/>\n<meta property=\"og:image\" content=\"http:\/\/artherapievirtus.org\/vda\/wp-content\/uploads\/2016\/08\/O-brut-150x150.jpg\" \/>\n<meta name=\"twitter:card\" content=\"summary\" \/>\n<meta name=\"twitter:site\" content=\"@artherapie75\" \/>\n<meta name=\"twitter:label1\" content=\"Dur\u00e9e de lecture estim\u00e9e\" \/>\n\t<meta name=\"twitter:data1\" content=\"3 minutes\" \/>\n<script type=\"application\/ld+json\" class=\"yoast-schema-graph\">{\"@context\":\"https:\/\/schema.org\",\"@graph\":[{\"@type\":\"WebSite\",\"@id\":\"https:\/\/artherapievirtus.org\/vda\/#website\",\"url\":\"https:\/\/artherapievirtus.org\/vda\/\",\"name\":\"13 OR DE VIE \\u2013 Victimes des attentats\",\"description\":\"Ce blogue  13 OR DE VIE est un outil collaboratif pour les ateliers d\\u2019Art-Th\\u00e9rapie  \\u00e0 l\\u2019intention des victimes du terrorisme\",\"potentialAction\":[{\"@type\":\"SearchAction\",\"target\":{\"@type\":\"EntryPoint\",\"urlTemplate\":\"https:\/\/artherapievirtus.org\/vda\/?s={search_term_string}\"},\"query-input\":\"required name=search_term_string\"}],\"inLanguage\":\"fr-FR\"},{\"@type\":\"ImageObject\",\"@id\":\"https:\/\/artherapievirtus.org\/vda\/description-de-postes\/mission-generale-de-art-therapeute\/#primaryimage\",\"inLanguage\":\"fr-FR\",\"url\":\"http:\/\/artherapievirtus.org\/vda\/wp-content\/uploads\/2016\/08\/O-brut-150x150.jpg\",\"contentUrl\":\"http:\/\/artherapievirtus.org\/vda\/wp-content\/uploads\/2016\/08\/O-brut-150x150.jpg\"},{\"@type\":\"WebPage\",\"@id\":\"https:\/\/artherapievirtus.org\/vda\/description-de-postes\/mission-generale-de-art-therapeute\/#webpage\",\"url\":\"https:\/\/artherapievirtus.org\/vda\/description-de-postes\/mission-generale-de-art-therapeute\/\",\"name\":\"Mission g\\u00e9n\\u00e9rale de l'Art-th\\u00e9rapeute - 13 OR DE VIE \\u2013 Victimes des attentats\",\"isPartOf\":{\"@id\":\"https:\/\/artherapievirtus.org\/vda\/#website\"},\"primaryImageOfPage\":{\"@id\":\"https:\/\/artherapievirtus.org\/vda\/description-de-postes\/mission-generale-de-art-therapeute\/#primaryimage\"},\"datePublished\":\"2016-11-19T08:43:02+00:00\",\"dateModified\":\"2017-01-21T05:23:10+00:00\",\"description\":\"Mission g\\u00e9n\\u00e9rale de l'art-th\\u00e9rapeute\",\"breadcrumb\":{\"@id\":\"https:\/\/artherapievirtus.org\/vda\/description-de-postes\/mission-generale-de-art-therapeute\/#breadcrumb\"},\"inLanguage\":\"fr-FR\",\"potentialAction\":[{\"@type\":\"ReadAction\",\"target\":[\"https:\/\/artherapievirtus.org\/vda\/description-de-postes\/mission-generale-de-art-therapeute\/\"]}]},{\"@type\":\"BreadcrumbList\",\"@id\":\"https:\/\/artherapievirtus.org\/vda\/description-de-postes\/mission-generale-de-art-therapeute\/#breadcrumb\",\"itemListElement\":[{\"@type\":\"ListItem\",\"position\":1,\"name\":\"Accueil\",\"item\":\"https:\/\/artherapievirtus.org\/vda\/\"},{\"@type\":\"ListItem\",\"position\":2,\"name\":\"Descriptions de postes\",\"item\":\"https:\/\/artherapievirtus.org\/vda\/description-de-postes\/\"},{\"@type\":\"ListItem\",\"position\":3,\"name\":\"Mission g\\u00e9n\\u00e9rale de l&rsquo;Art-th\\u00e9rapeute\"}]}]}<\/script>\n<!-- \/ Yoast SEO plugin. -->","yoast_head_json":{"title":"Mission g\u00e9n\u00e9rale de l'Art-th\u00e9rapeute - 13 OR DE VIE \u2013 Victimes des attentats","description":"Mission g\u00e9n\u00e9rale de l'art-th\u00e9rapeute","robots":{"index":"index","follow":"follow","max-snippet":"max-snippet:-1","max-image-preview":"max-image-preview:large","max-video-preview":"max-video-preview:-1"},"canonical":"https:\/\/artherapievirtus.org\/vda\/description-de-postes\/mission-generale-de-art-therapeute\/","og_locale":"fr_FR","og_type":"article","og_title":"Mission g\u00e9n\u00e9rale de l'Art-th\u00e9rapeute - 13 OR DE VIE \u2013 Victimes des attentats","og_description":"Mission g\u00e9n\u00e9rale de l'art-th\u00e9rapeute","og_url":"https:\/\/artherapievirtus.org\/vda\/description-de-postes\/mission-generale-de-art-therapeute\/","og_site_name":"13 OR DE VIE \u2013 Victimes des attentats","article_publisher":"https:\/\/www.facebook.com\/artherapievirtus.org\/","article_modified_time":"2017-01-21T05:23:10+00:00","og_image":[{"url":"http:\/\/artherapievirtus.org\/vda\/wp-content\/uploads\/2016\/08\/O-brut-150x150.jpg"}],"twitter_card":"summary","twitter_site":"@artherapie75","twitter_misc":{"Dur\u00e9e de lecture estim\u00e9e":"3 minutes"},"schema":{"@context":"https:\/\/schema.org","@graph":[{"@type":"WebSite","@id":"https:\/\/artherapievirtus.org\/vda\/#website","url":"https:\/\/artherapievirtus.org\/vda\/","name":"13 OR DE VIE \u2013 Victimes des attentats","description":"Ce blogue  13 OR DE VIE est un outil collaboratif pour les ateliers d\u2019Art-Th\u00e9rapie  \u00e0 l\u2019intention des victimes du terrorisme","potentialAction":[{"@type":"SearchAction","target":{"@type":"EntryPoint","urlTemplate":"https:\/\/artherapievirtus.org\/vda\/?s={search_term_string}"},"query-input":"required name=search_term_string"}],"inLanguage":"fr-FR"},{"@type":"ImageObject","@id":"https:\/\/artherapievirtus.org\/vda\/description-de-postes\/mission-generale-de-art-therapeute\/#primaryimage","inLanguage":"fr-FR","url":"http:\/\/artherapievirtus.org\/vda\/wp-content\/uploads\/2016\/08\/O-brut-150x150.jpg","contentUrl":"http:\/\/artherapievirtus.org\/vda\/wp-content\/uploads\/2016\/08\/O-brut-150x150.jpg"},{"@type":"WebPage","@id":"https:\/\/artherapievirtus.org\/vda\/description-de-postes\/mission-generale-de-art-therapeute\/#webpage","url":"https:\/\/artherapievirtus.org\/vda\/description-de-postes\/mission-generale-de-art-therapeute\/","name":"Mission g\u00e9n\u00e9rale de l'Art-th\u00e9rapeute - 13 OR DE VIE \u2013 Victimes des attentats","isPartOf":{"@id":"https:\/\/artherapievirtus.org\/vda\/#website"},"primaryImageOfPage":{"@id":"https:\/\/artherapievirtus.org\/vda\/description-de-postes\/mission-generale-de-art-therapeute\/#primaryimage"},"datePublished":"2016-11-19T08:43:02+00:00","dateModified":"2017-01-21T05:23:10+00:00","description":"Mission g\u00e9n\u00e9rale de l'art-th\u00e9rapeute","breadcrumb":{"@id":"https:\/\/artherapievirtus.org\/vda\/description-de-postes\/mission-generale-de-art-therapeute\/#breadcrumb"},"inLanguage":"fr-FR","potentialAction":[{"@type":"ReadAction","target":["https:\/\/artherapievirtus.org\/vda\/description-de-postes\/mission-generale-de-art-therapeute\/"]}]},{"@type":"BreadcrumbList","@id":"https:\/\/artherapievirtus.org\/vda\/description-de-postes\/mission-generale-de-art-therapeute\/#breadcrumb","itemListElement":[{"@type":"ListItem","position":1,"name":"Accueil","item":"https:\/\/artherapievirtus.org\/vda\/"},{"@type":"ListItem","position":2,"name":"Descriptions de postes","item":"https:\/\/artherapievirtus.org\/vda\/description-de-postes\/"},{"@type":"ListItem","position":3,"name":"Mission g\u00e9n\u00e9rale de l&rsquo;Art-th\u00e9rapeute"}]}]}},"jetpack_sharing_enabled":true,"jetpack_likes_enabled":true,"_links":{"self":[{"href":"https:\/\/artherapievirtus.org\/vda\/wp-json\/wp\/v2\/pages\/5368"}],"collection":[{"href":"https:\/\/artherapievirtus.org\/vda\/wp-json\/wp\/v2\/pages"}],"about":[{"href":"https:\/\/artherapievirtus.org\/vda\/wp-json\/wp\/v2\/types\/page"}],"author":[{"embeddable":true,"href":"https:\/\/artherapievirtus.org\/vda\/wp-json\/wp\/v2\/users\/3"}],"replies":[{"embeddable":true,"href":"https:\/\/artherapievirtus.org\/vda\/wp-json\/wp\/v2\/comments?post=5368"}],"version-history":[{"count":11,"href":"https:\/\/artherapievirtus.org\/vda\/wp-json\/wp\/v2\/pages\/5368\/revisions"}],"predecessor-version":[{"id":6524,"href":"https:\/\/artherapievirtus.org\/vda\/wp-json\/wp\/v2\/pages\/5368\/revisions\/6524"}],"up":[{"embeddable":true,"href":"https:\/\/artherapievirtus.org\/vda\/wp-json\/wp\/v2\/pages\/5370"}],"wp:attachment":[{"href":"https:\/\/artherapievirtus.org\/vda\/wp-json\/wp\/v2\/media?parent=5368"}],"curies":[{"name":"wp","href":"https:\/\/api.w.org\/{rel}","templated":true}]}}