{"id":23,"date":"2017-08-15T19:37:49","date_gmt":"2017-08-15T17:37:49","guid":{"rendered":"http:\/\/artherapievirtus.org\/migrants\/?page_id=23"},"modified":"2019-09-19T07:40:30","modified_gmt":"2019-09-19T05:40:30","slug":"ateliers-arts-plastiques-pour-les-personnes-migrantes-2","status":"publish","type":"page","link":"https:\/\/artherapievirtus.org\/migrants\/ateliers-arts-plastiques-pour-les-personnes-migrantes-2\/","title":{"rendered":"Ateliers arts plastiques pour les personnes migrantes"},"content":{"rendered":"<p style=\"text-align: center;\"><img loading=\"lazy\" class=\"size-full wp-image-473 aligncenter\" src=\"http:\/\/artherapievirtus.org\/migrants\/wp-content\/uploads\/2018\/05\/logo-association-aurore.png\" alt=\"\" width=\"173\" height=\"76\" \/><br \/>\nCHUM \u2013 <span style=\"color: #ff6600;\"><strong>C<\/strong><\/span>entre d&rsquo;<span style=\"color: #ff6600;\"><strong>H<\/strong><\/span>\u00e9bergement d&rsquo;<strong><span style=\"color: #ff6600;\">U<\/span><\/strong>rgence pour <strong><span style=\"color: #ff6600;\">M<\/span><\/strong>igrants<\/p>\n<p style=\"text-align: left;\"><a href=\"http:\/\/aurore.asso.fr\/pole-urgence-sociale-et-hebergement\/chum-jaures\" target=\"_blank\" rel=\"noopener noreferrer\">Jaur\u00e8s<\/a><\/p>\n<p style=\"padding-left: 30px;\"><span style=\"color: #ff9900;\">Arts plastiques \u2013 Atelier du dimanche apr\u00e8s-midi<\/span><\/p>\n<p style=\"padding-left: 60px;\"><span style=\"color: #008000;\"><a style=\"color: #008000;\" href=\"http:\/\/artherapievirtus.org\/migrants\/ateliers-arts-plastiques-pour-les-personnes-migrantes\/\" target=\"_blank\" rel=\"noopener noreferrer\">13 mai 2018 \u2013 S\u00e9ance coh\u00e9sion de groupe<\/a><\/span><\/p>\n<p style=\"padding-left: 60px;\"><span style=\"color: #008000;\"><a style=\"color: #008000;\" href=\"http:\/\/artherapievirtus.org\/migrants\/ateliers-arts-plastiques-pour-les-personnes-migrantes\/\" target=\"_blank\" rel=\"noopener noreferrer\">27 mai 2018 \u2013\u00a0S\u00e9ance village d&rsquo;agile<\/a><\/span><\/p>\n<p style=\"padding-left: 60px;\"><span style=\"color: #008000;\"><a style=\"color: #008000;\" href=\"http:\/\/artherapievirtus.org\/migrants\/ateliers-arts-plastiques-pour-les-personnes-migrantes\/\" target=\"_blank\" rel=\"noopener noreferrer\">3 juin 2018 \u2013\u00a0S\u00e9ance village d&rsquo;argile<\/a><\/span><\/p>\n<p><a href=\"http:\/\/aurore.asso.fr\/seine-saint-denis-essonne-esat-paris\/cph-pre-st-gervais\" target=\"_blank\" rel=\"noopener noreferrer\">Pr\u00e9-Saint-Gervais<\/a><\/p>\n<p style=\"padding-left: 30px;\"><span style=\"color: #ff9900;\">Arts plastiques \u2013 Atelier du dimanche apr\u00e8s-midi<\/span><\/p>\n<p style=\"padding-left: 60px;\"><span style=\"color: #008000;\"><a style=\"color: #008000;\" href=\"http:\/\/artherapievirtus.org\/migrants\/ateliers-arts-plastiques-pour-les-personnes-migrantes\/\" target=\"_blank\" rel=\"noopener noreferrer\">25 novembre 2018 \u2013 S\u00e9ance coh\u00e9sion de groupe<\/a><\/span><\/p>\n<p><img loading=\"lazy\" class=\"aligncenter wp-image-863 size-medium\" src=\"http:\/\/artherapievirtus.org\/migrants\/wp-content\/uploads\/2018\/12\/Production-commune-225x300.jpg\" alt=\"\" width=\"225\" height=\"300\" srcset=\"https:\/\/artherapievirtus.org\/migrants\/wp-content\/uploads\/2018\/12\/Production-commune-225x300.jpg 225w, https:\/\/artherapievirtus.org\/migrants\/wp-content\/uploads\/2018\/12\/Production-commune.jpg 600w\" sizes=\"(max-width: 225px) 100vw, 225px\" \/><\/p>\n<p style=\"padding-left: 60px;\"><span style=\"color: #008000;\">13 janvier 2019 \u2013 S\u00e9ance sur l&rsquo;eau<\/span><\/p>\n<p><iframe loading=\"lazy\" src=\"https:\/\/player.vimeo.com\/video\/321028073\" width=\"640\" height=\"360\" frameborder=\"0\" allowfullscreen=\"allowfullscreen\"><\/iframe><\/p>\n<p style=\"padding-left: 60px;\"><span style=\"color: #008000;\">24 f\u00e9vrier 2019 \u2013 S\u00e9ance sur l&rsquo;eau \u2013 avec pour appui La nuit \u00e9toil\u00e9e de Vincent Van Gogh pour La RMN et son atelier objets de nature.Production de Suliman avec des encres.<\/span><\/p>\n<p><iframe loading=\"lazy\" src=\"https:\/\/player.vimeo.com\/video\/319978600\" width=\"640\" height=\"427\" frameborder=\"0\" allowfullscreen=\"allowfullscreen\"><\/iframe><\/p>\n<p style=\"padding-left: 60px;\"><span style=\"color: #008000;\">31 mars 2019 \u2013 Objets de chasse \u2013 Utilisation de la mallette p\u00e9dagogique de la RMN. Production de Kahan \u2013 objet de la chasse : Arc de chasse et couronne imp\u00e9riale et de Suliman \u2013 Objet de la chasse : Fables de Bidpa\u00ef.<\/span><\/p>\n<p><iframe loading=\"lazy\" src=\"https:\/\/player.vimeo.com\/video\/327979290\" width=\"640\" height=\"853\" frameborder=\"0\" allowfullscreen=\"allowfullscreen\"><\/iframe><\/p>\n<p><iframe loading=\"lazy\" src=\"https:\/\/player.vimeo.com\/video\/331750487\" width=\"640\" height=\"427\" frameborder=\"0\" allowfullscreen=\"allowfullscreen\"><\/iframe><\/p>\n<p><a href=\"https:\/\/vimeo.com\/331750487\">Ateliers \u00e0 m\u00e9diations artistiques \u2013\u00a0Objets de nature de la RMN<\/a> from <a href=\"https:\/\/vimeo.com\/user51438772\">Art Therapie Virtus<\/a> on <a href=\"https:\/\/vimeo.com\">Vimeo<\/a>.<\/p>\n<p style=\"padding-left: 30px;\"><span style=\"color: #ff9900;\"> Dramath\u00e9rapie \u2013\u00a0Atelier du Jeudi apr\u00e8s-midi<\/span><\/p>\n<p style=\"padding-left: 60px;\"><span style=\"color: #008000;\"><a style=\"color: #008000;\">29 novembre 2018<\/a><\/span><\/p>\n<hr \/>\n<p><img loading=\"lazy\" class=\"aligncenter size-full wp-image-480\" src=\"http:\/\/artherapievirtus.org\/migrants\/wp-content\/uploads\/2018\/05\/Logo_france_terre_dasile.jpg\" alt=\"\" width=\"220\" height=\"136\" \/><\/p>\n<p style=\"text-align: center;\"><span style=\"color: #0000ff;\"><strong>Cada \u2013 Centre d&rsquo;Accueil pour Demandeurs d&rsquo;Asile<\/strong><\/span><\/p>\n<p><em>France terre d&rsquo;asile g\u00e8re actuellement 37 CADA pr\u00e9sents dans 10 r\u00e9gions. Au total, le dispositif offre 4 522 places.<br \/>\nLes CADA mettent \u00e0 la disposition des demandeurs d&rsquo;asile un h\u00e9bergement pour le temps de l&rsquo;instruction de leur demande d&rsquo;asile. Les familles pr\u00e9sentes au sein des CADA le quittent une fois la d\u00e9cision rendue, qu&rsquo;elles obtiennent ou non le statut de r\u00e9fugi\u00e9.<br \/>\nDurant leur s\u00e9jour, les usagers des CADA sont suivis par une \u00e9quipe sociale qui les assiste dans leurs d\u00e9marches administratives.<\/em><\/p>\n<p><a href=\"http:\/\/www.france-terre-asile.org\/accueil\/etablissement\/cada-de-chatillon\" target=\"_blank\" rel=\"noopener noreferrer\">Chatillon<\/a><\/p>\n<p style=\"padding-left: 30px;\"><span style=\"color: #0000ff;\">Atelier du jeudi matin<\/span><\/p>\n<p style=\"padding-left: 60px;\"><a href=\"http:\/\/artherapievirtus.org\/migrants\/ateliers-arts-plastiques-pour-les-personnes-migrantes\/\" target=\"_blank\" rel=\"noopener noreferrer\"><span style=\"color: #008000;\">14 juin 2018 \u2013 Atelier modelage<\/span><\/a><\/p>\n<p style=\"padding-left: 60px;\"><span style=\"color: #008000;\">17 janvier 2019 \u2013 Atelier sur l&rsquo;eau<\/span><\/p>\n<p><iframe loading=\"lazy\" src=\"https:\/\/player.vimeo.com\/video\/320958117\" width=\"640\" height=\"480\" frameborder=\"0\" allowfullscreen=\"allowfullscreen\"><\/iframe><\/p>\n<p style=\"padding-left: 60px;\"><span style=\"color: #008000;\">24 janvier 2019 \u2013 Atelier sur l&rsquo;eau \u2013 Th\u00e9matique de la travers\u00e9e, le passage, le parcours\u2026le leur<\/span><\/p>\n<p><img loading=\"lazy\" class=\"aligncenter size-full wp-image-906\" src=\"http:\/\/artherapievirtus.org\/migrants\/wp-content\/uploads\/2019\/01\/AMBIANCE-8.jpg\" alt=\"\" width=\"382\" height=\"425\" srcset=\"https:\/\/artherapievirtus.org\/migrants\/wp-content\/uploads\/2019\/01\/AMBIANCE-8.jpg 382w, https:\/\/artherapievirtus.org\/migrants\/wp-content\/uploads\/2019\/01\/AMBIANCE-8-270x300.jpg 270w\" sizes=\"(max-width: 382px) 100vw, 382px\" \/><br \/>\n<iframe loading=\"lazy\" src=\"https:\/\/player.vimeo.com\/video\/321546853\" width=\"640\" height=\"360\" frameborder=\"0\" allowfullscreen=\"allowfullscreen\"><\/iframe><\/p>\n<div class=\"sharedaddy sd-sharing-enabled\"><div class=\"robots-nocontent sd-block sd-social sd-social-official sd-sharing\"><h3 class=\"sd-title\">Partager\u00a0:<\/h3><div class=\"sd-content\"><ul><li class=\"share-facebook\"><div class=\"fb-share-button\" data-href=\"https:\/\/artherapievirtus.org\/migrants\/ateliers-arts-plastiques-pour-les-personnes-migrantes-2\/\" data-layout=\"button_count\"><\/div><\/li><li class=\"share-twitter\"><a href=\"https:\/\/twitter.com\/share\" class=\"twitter-share-button\" data-url=\"https:\/\/artherapievirtus.org\/migrants\/ateliers-arts-plastiques-pour-les-personnes-migrantes-2\/\" data-text=\"Ateliers arts plastiques pour les personnes migrantes\"  >Tweet<\/a><\/li><li class=\"share-linkedin\"><div class=\"linkedin_button\"><script type=\"in\/share\" data-url=\"https:\/\/artherapievirtus.org\/migrants\/ateliers-arts-plastiques-pour-les-personnes-migrantes-2\/\" data-counter=\"right\"><\/script><\/div><\/li><li class=\"share-email\"><a rel=\"nofollow noopener noreferrer\" data-shared=\"\" class=\"share-email sd-button\" href=\"https:\/\/artherapievirtus.org\/migrants\/ateliers-arts-plastiques-pour-les-personnes-migrantes-2\/?share=email\" target=\"_blank\" title=\"Cliquez pour envoyer par e-mail \u00e0 un ami\"><span>E-mail<\/span><\/a><\/li><li class=\"share-end\"><\/li><\/ul><\/div><\/div><\/div>","protected":false},"excerpt":{"rendered":"<p>CHUM \u2013 Centre d&rsquo;H\u00e9bergement d&rsquo;Urgence pour Migrants Jaur\u00e8s Arts plastiques \u2013 Atelier du dimanche apr\u00e8s-midi 13 mai 2018 \u2013 S\u00e9ance coh\u00e9sion de groupe 27 mai 2018 \u2013\u00a0S\u00e9ance village d&rsquo;agile 3 juin 2018 \u2013\u00a0S\u00e9ance village d&rsquo;argile Pr\u00e9-Saint-Gervais Arts plastiques \u2013 Atelier du dimanche apr\u00e8s-midi 25 novembre 2018 \u2013 S\u00e9ance coh\u00e9sion de groupe 13 janvier 2019 \u2013&hellip; <\/p>\n<p class=\"toivo-read-more\"><a href=\"https:\/\/artherapievirtus.org\/migrants\/ateliers-arts-plastiques-pour-les-personnes-migrantes-2\/\" class=\"more-link\">Lire la suite <span class=\"screen-reader-text\">Ateliers arts plastiques pour les personnes migrantes<\/span><\/a><\/p>\n<div class=\"sharedaddy sd-sharing-enabled\"><div class=\"robots-nocontent sd-block sd-social sd-social-official sd-sharing\"><h3 class=\"sd-title\">Partager\u00a0:<\/h3><div class=\"sd-content\"><ul><li class=\"share-facebook\"><div class=\"fb-share-button\" data-href=\"https:\/\/artherapievirtus.org\/migrants\/ateliers-arts-plastiques-pour-les-personnes-migrantes-2\/\" data-layout=\"button_count\"><\/div><\/li><li class=\"share-twitter\"><a href=\"https:\/\/twitter.com\/share\" class=\"twitter-share-button\" data-url=\"https:\/\/artherapievirtus.org\/migrants\/ateliers-arts-plastiques-pour-les-personnes-migrantes-2\/\" data-text=\"Ateliers arts plastiques pour les personnes migrantes\"  >Tweet<\/a><\/li><li class=\"share-linkedin\"><div class=\"linkedin_button\"><script type=\"in\/share\" data-url=\"https:\/\/artherapievirtus.org\/migrants\/ateliers-arts-plastiques-pour-les-personnes-migrantes-2\/\" data-counter=\"right\"><\/script><\/div><\/li><li class=\"share-email\"><a rel=\"nofollow noopener noreferrer\" data-shared=\"\" class=\"share-email sd-button\" href=\"https:\/\/artherapievirtus.org\/migrants\/ateliers-arts-plastiques-pour-les-personnes-migrantes-2\/?share=email\" target=\"_blank\" title=\"Cliquez pour envoyer par e-mail \u00e0 un ami\"><span>E-mail<\/span><\/a><\/li><li class=\"share-end\"><\/li><\/ul><\/div><\/div><\/div>","protected":false},"author":1,"featured_media":0,"parent":0,"menu_order":0,"comment_status":"closed","ping_status":"closed","template":"","meta":{"spay_email":""},"jetpack_sharing_enabled":true,"jetpack_shortlink":"https:\/\/wp.me\/P94Odn-n","_links":{"self":[{"href":"https:\/\/artherapievirtus.org\/migrants\/wp-json\/wp\/v2\/pages\/23"}],"collection":[{"href":"https:\/\/artherapievirtus.org\/migrants\/wp-json\/wp\/v2\/pages"}],"about":[{"href":"https:\/\/artherapievirtus.org\/migrants\/wp-json\/wp\/v2\/types\/page"}],"author":[{"embeddable":true,"href":"https:\/\/artherapievirtus.org\/migrants\/wp-json\/wp\/v2\/users\/1"}],"replies":[{"embeddable":true,"href":"https:\/\/artherapievirtus.org\/migrants\/wp-json\/wp\/v2\/comments?post=23"}],"version-history":[{"count":27,"href":"https:\/\/artherapievirtus.org\/migrants\/wp-json\/wp\/v2\/pages\/23\/revisions"}],"predecessor-version":[{"id":1270,"href":"https:\/\/artherapievirtus.org\/migrants\/wp-json\/wp\/v2\/pages\/23\/revisions\/1270"}],"wp:attachment":[{"href":"https:\/\/artherapievirtus.org\/migrants\/wp-json\/wp\/v2\/media?parent=23"}],"curies":[{"name":"wp","href":"https:\/\/api.w.org\/{rel}","templated":true}]}}