{"id":694,"date":"2013-11-13T09:05:54","date_gmt":"2013-11-13T08:05:54","guid":{"rendered":"http:\/\/artherapievirtus.org\/Victimes-et-Auteurs\/?page_id=694"},"modified":"2015-08-28T06:52:26","modified_gmt":"2015-08-28T04:52:26","slug":"cavasem-centre-de-victimologie-et-de-therapie-familiale-doux","status":"publish","type":"page","link":"https:\/\/artherapievirtus.org\/Victimes-et-Auteurs\/centres-ressources\/cavasem-centre-de-victimologie-et-de-therapie-familiale-doux\/","title":{"rendered":"CAVASEM \u2013 Centre de Victimologie et de Th\u00e9rapie Familiale \u2013 Doubs"},"content":{"rendered":"<p><a href=\"http:\/\/www.ch-novillars.fr\/index.php?id=147\">http:\/\/www.ch-novillars.fr\/index.php?id=147<\/a><\/p>\n<div>\n<p><b>Type de structure :<br \/>\n<\/b>Consultation M\u00e9dico Psychologique \/ Centre d\u2019Accueil Th\u00e9rapeutique \u00e0 Temps Partiel.<\/p>\n<\/div>\n<div>\n<p><b>Offre de soins : <\/b><\/p>\n<\/div>\n<div>\n<ul>\n<li>Soutien psychologique des enfants, des adolescents et de leur famille en cas de maltraitance ou d\u2019agression sexuelle subie.<\/li>\n<li>Equipe pluridisciplinaire : consultations m\u00e9dicales avec le p\u00e9dopsychiatre, consultations psychologiques, entretiens avec des \u00e9ducateurs ou des infirmiers.<\/li>\n<\/ul>\n<p><b>Particularit\u00e9s et sp\u00e9cificit\u00e9s : <\/b><\/p>\n<ul>\n<li>Evaluation m\u00e9dicol\u00e9gale et soins de l\u2019enfant victime de maltraitance dans le r\u00e9seau CAVASEM (Centre d&rsquo;Accueil des Victimes d&rsquo;Agression Sexuelle et de Maltraitance) Prise en charge globale de la famille confront\u00e9e \u00e0 une situation de maltraitance.<\/li>\n<li>Conseil et accompagnement pendant la proc\u00e9dure judiciaire.<\/li>\n<\/ul>\n<\/div>\n<div>\n<p><b>Public accueilli :<br \/>\n<\/b>Enfants, adolescents, jeunes adultes et leurs parents.<\/p>\n<\/div>\n<div>\n<p><b>Modalit\u00e9s de prise en charge : <\/b><\/p>\n<\/div>\n<div>\n<ul>\n<li>Entretiens individuels, entretiens de fratrie, entretiens familiaux.<\/li>\n<li>Visites \u00e0 domicile.<\/li>\n<li>Accompagnement vers les partenaires du r\u00e9seau CAVASEM du CHRU de Besan\u00e7on<\/li>\n<li>Groupes de parole th\u00e9rapeutiques.<\/li>\n<li>Partenariat avec le secteur associatif et m\u00e9dico social<\/li>\n<\/ul>\n<\/div>\n<div>\n<p><b>Objectifs<\/b><\/p>\n<\/div>\n<div>\n<ul>\n<li>Evaluer les s\u00e9quelles psychologiques dues \u00e0 la maltraitance.<\/li>\n<li>Prendre en charge concernant la victime et sa famille.<\/li>\n<li>Assister l\u2019enfant pendant l\u2019audition judiciaire r\u00e9alis\u00e9e par les officiers de police ou de gendarmerie.<\/li>\n<li>Am\u00e9liorer la prise en compte du retentissement psychotromatique d\u00fb \u00e0 la maltraitance lors de la proc\u00e9dure m\u00e9dico-l\u00e9gale.<\/li>\n<\/ul>\n<\/div>\n<div>\n<p><b>Adresse :<br \/>\n<\/b>13 rue des Jardins<br \/>\n25000 Besan\u00e7on<\/p>\n<\/div>\n<div>\n<p><b>T\u00e9l\u00e9phone : <\/b>03.81.88.86.62<\/p>\n<\/div>\n<div>\n<p><b>Fax : <\/b>03.81.88.03.97<\/p>\n<\/div>\n<div>\n<p><b>E-mail : <\/b>cavasem@ch-novillars.fr<\/p>\n<\/div>\n<div>\n<p><b>Heures d\u2019ouverture :<br \/>\n<\/b>Du lundi au vendredi de 9 heures \u00e0 18 heures<\/p>\n<\/div>\n<div>\n<p><b>M\u00e9decins r\u00e9f\u00e9rents, \u00e9quipe d\u2019encadrement :<br \/>\n<\/b>Docteur Dominique FREMY, m\u00e9decin responsable<br \/>\nMme DESCHAMPS Nathalie, psychologue<br \/>\nMme DEDIER C\u00e9line, psychologue<br \/>\nMme Christine BLANC, Cadre sup\u00e9rieur de sant\u00e9<\/p>\n<\/div>\n<div>\n<p><b>Co\u00fbt de la prise en charge :<br \/>\n<\/b>Service gratuit financ\u00e9 par l\u2019Assurance Maladie<\/p>\n<\/div>\n","protected":false},"excerpt":{"rendered":"<p>http:\/\/www.ch-novillars.fr\/index.php?id=147 Type de structure : Consultation M\u00e9dico Psychologique \/ Centre d\u2019Accueil Th\u00e9rapeutique \u00e0 Temps Partiel. Offre de soins : Soutien psychologique des enfants, des adolescents et de leur famille en cas de maltraitance ou d\u2019agression sexuelle subie. Equipe pluridisciplinaire : consultations m\u00e9dicales avec le p\u00e9dopsychiatre, consultations psychologiques, entretiens avec des \u00e9ducateurs ou des infirmiers. Particularit\u00e9s&hellip; <\/p>\n<p class=\"toivo-read-more\"><a href=\"https:\/\/artherapievirtus.org\/Victimes-et-Auteurs\/centres-ressources\/cavasem-centre-de-victimologie-et-de-therapie-familiale-doux\/\" class=\"more-link\">Lire la suite <span class=\"screen-reader-text\">CAVASEM \u2013 Centre de Victimologie et de Th\u00e9rapie Familiale \u2013 Doubs<\/span><\/a><\/p>\n","protected":false},"author":2,"featured_media":0,"parent":354,"menu_order":0,"comment_status":"open","ping_status":"open","template":"","meta":{"jetpack_post_was_ever_published":false,"footnotes":""},"jetpack_sharing_enabled":true,"jetpack_shortlink":"https:\/\/wp.me\/P3KRkv-bc","jetpack_likes_enabled":true,"_links":{"self":[{"href":"https:\/\/artherapievirtus.org\/Victimes-et-Auteurs\/wp-json\/wp\/v2\/pages\/694"}],"collection":[{"href":"https:\/\/artherapievirtus.org\/Victimes-et-Auteurs\/wp-json\/wp\/v2\/pages"}],"about":[{"href":"https:\/\/artherapievirtus.org\/Victimes-et-Auteurs\/wp-json\/wp\/v2\/types\/page"}],"author":[{"embeddable":true,"href":"https:\/\/artherapievirtus.org\/Victimes-et-Auteurs\/wp-json\/wp\/v2\/users\/2"}],"replies":[{"embeddable":true,"href":"https:\/\/artherapievirtus.org\/Victimes-et-Auteurs\/wp-json\/wp\/v2\/comments?post=694"}],"version-history":[{"count":2,"href":"https:\/\/artherapievirtus.org\/Victimes-et-Auteurs\/wp-json\/wp\/v2\/pages\/694\/revisions"}],"predecessor-version":[{"id":2641,"href":"https:\/\/artherapievirtus.org\/Victimes-et-Auteurs\/wp-json\/wp\/v2\/pages\/694\/revisions\/2641"}],"up":[{"embeddable":true,"href":"https:\/\/artherapievirtus.org\/Victimes-et-Auteurs\/wp-json\/wp\/v2\/pages\/354"}],"wp:attachment":[{"href":"https:\/\/artherapievirtus.org\/Victimes-et-Auteurs\/wp-json\/wp\/v2\/media?parent=694"}],"curies":[{"name":"wp","href":"https:\/\/api.w.org\/{rel}","templated":true}]}}