{"id":354,"date":"2013-10-18T16:11:05","date_gmt":"2013-10-18T14:11:05","guid":{"rendered":"http:\/\/artherapievirtus.org\/Victimes-et-Auteurs\/?page_id=354"},"modified":"2013-10-19T20:58:02","modified_gmt":"2013-10-19T18:58:02","slug":"centres-ressources","status":"publish","type":"page","link":"https:\/\/artherapievirtus.org\/Victimes-et-Auteurs\/centres-ressources\/","title":{"rendered":"Centres ressources"},"content":{"rendered":"<p><a href=\"http:\/\/artherapievirtus.org\/Victimes-et-Auteurs\/centre-osiris-association-de-soutien-therapeutique-aux-victimes-de-la-torture-et-de-repression-politique\/\"><img data-attachment-id=\"351\" data-permalink=\"https:\/\/artherapievirtus.org\/Victimes-et-Auteurs\/centre-osiris-association-de-soutien-therapeutique-aux-victimes-de-la-torture-et-de-repression-politique\/logo-osiris\/\" data-orig-file=\"https:\/\/artherapievirtus.org\/Victimes-et-Auteurs\/wp-content\/uploads\/2013\/10\/Logo-Osiris.gif\" data-orig-size=\"591,123\" data-comments-opened=\"1\" data-image-meta=\"{&quot;aperture&quot;:&quot;0&quot;,&quot;credit&quot;:&quot;&quot;,&quot;camera&quot;:&quot;&quot;,&quot;caption&quot;:&quot;&quot;,&quot;created_timestamp&quot;:&quot;0&quot;,&quot;copyright&quot;:&quot;&quot;,&quot;focal_length&quot;:&quot;0&quot;,&quot;iso&quot;:&quot;0&quot;,&quot;shutter_speed&quot;:&quot;0&quot;,&quot;title&quot;:&quot;&quot;}\" data-image-title=\"Logo-Osiris\" data-image-description=\"\" data-image-caption=\"\" data-medium-file=\"https:\/\/artherapievirtus.org\/Victimes-et-Auteurs\/wp-content\/uploads\/2013\/10\/Logo-Osiris-300x62.gif\" data-large-file=\"https:\/\/artherapievirtus.org\/Victimes-et-Auteurs\/wp-content\/uploads\/2013\/10\/Logo-Osiris.gif\" decoding=\"async\" loading=\"lazy\" class=\"alignleft size-medium wp-image-351\" alt=\"Logo-Osiris\" src=\"http:\/\/artherapievirtus.org\/Victimes-et-Auteurs\/wp-content\/uploads\/2013\/10\/Logo-Osiris-300x62.gif\" width=\"300\" height=\"62\" \/><\/a><\/p>\n<p>&nbsp;<\/p>\n<p>Association de soutien th\u00e9rapeutique aux victimes de la torture et de la r\u00e9pression politique<\/p>\n<p><a href=\"http:\/\/www.psylegale.com\/spip.php?rubrique46\"><img decoding=\"async\" loading=\"lazy\" alt=\"Logo PsyL\u00e9gale\" src=\"http:\/\/artherapievirtus.org\/Victimes-et-Auteurs\/wp-content\/uploads\/2013\/09\/Logo-PsyL\u00e9gale.jpg\" width=\"295\" height=\"103\" \/><\/a>Centre Ressources pour Intervenants aupr\u00e8s d\u2019Auteurs de Violences Sexuelles &#8211; Ile de France, P\u00f4le Ouest.<\/p>\n<p><a href=\"http:\/\/artherapievirtus.org\/Victimes-et-Auteurs\/centres-ressources\/svs-stop-violences-sexuelles\/\"><img data-attachment-id=\"363\" data-permalink=\"https:\/\/artherapievirtus.org\/Victimes-et-Auteurs\/centres-ressources\/svs-stop-violences-sexuelles\/logo-stop-violences-sexuelles\/\" data-orig-file=\"https:\/\/artherapievirtus.org\/Victimes-et-Auteurs\/wp-content\/uploads\/2013\/10\/Logo-Stop-Violences-Sexuelles.gif\" data-orig-size=\"295,203\" data-comments-opened=\"1\" data-image-meta=\"{&quot;aperture&quot;:&quot;0&quot;,&quot;credit&quot;:&quot;&quot;,&quot;camera&quot;:&quot;&quot;,&quot;caption&quot;:&quot;&quot;,&quot;created_timestamp&quot;:&quot;0&quot;,&quot;copyright&quot;:&quot;&quot;,&quot;focal_length&quot;:&quot;0&quot;,&quot;iso&quot;:&quot;0&quot;,&quot;shutter_speed&quot;:&quot;0&quot;,&quot;title&quot;:&quot;&quot;}\" data-image-title=\"Logo-Stop-Violences-Sexuelles\" data-image-description=\"\" data-image-caption=\"\" data-medium-file=\"https:\/\/artherapievirtus.org\/Victimes-et-Auteurs\/wp-content\/uploads\/2013\/10\/Logo-Stop-Violences-Sexuelles.gif\" data-large-file=\"https:\/\/artherapievirtus.org\/Victimes-et-Auteurs\/wp-content\/uploads\/2013\/10\/Logo-Stop-Violences-Sexuelles.gif\" decoding=\"async\" loading=\"lazy\" class=\"alignleft size-full wp-image-363\" alt=\"Logo-Stop-Violences-Sexuelles\" src=\"http:\/\/artherapievirtus.org\/Victimes-et-Auteurs\/wp-content\/uploads\/2013\/10\/Logo-Stop-Violences-Sexuelles.gif\" width=\"295\" height=\"203\" \/><\/a>Stop Violences Sexuelles<\/p>\n<div><\/div>\n","protected":false},"excerpt":{"rendered":"<p>&nbsp; Association de soutien th\u00e9rapeutique aux victimes de la torture et de la r\u00e9pression politique Centre Ressources pour Intervenants aupr\u00e8s d\u2019Auteurs de Violences Sexuelles &#8211; Ile de France, P\u00f4le Ouest. Stop Violences Sexuelles<\/p>\n","protected":false},"author":2,"featured_media":0,"parent":0,"menu_order":1,"comment_status":"open","ping_status":"open","template":"","meta":{"jetpack_post_was_ever_published":false,"footnotes":""},"jetpack_sharing_enabled":true,"jetpack_shortlink":"https:\/\/wp.me\/P3KRkv-5I","jetpack_likes_enabled":true,"_links":{"self":[{"href":"https:\/\/artherapievirtus.org\/Victimes-et-Auteurs\/wp-json\/wp\/v2\/pages\/354"}],"collection":[{"href":"https:\/\/artherapievirtus.org\/Victimes-et-Auteurs\/wp-json\/wp\/v2\/pages"}],"about":[{"href":"https:\/\/artherapievirtus.org\/Victimes-et-Auteurs\/wp-json\/wp\/v2\/types\/page"}],"author":[{"embeddable":true,"href":"https:\/\/artherapievirtus.org\/Victimes-et-Auteurs\/wp-json\/wp\/v2\/users\/2"}],"replies":[{"embeddable":true,"href":"https:\/\/artherapievirtus.org\/Victimes-et-Auteurs\/wp-json\/wp\/v2\/comments?post=354"}],"version-history":[{"count":3,"href":"https:\/\/artherapievirtus.org\/Victimes-et-Auteurs\/wp-json\/wp\/v2\/pages\/354\/revisions"}],"predecessor-version":[{"id":368,"href":"https:\/\/artherapievirtus.org\/Victimes-et-Auteurs\/wp-json\/wp\/v2\/pages\/354\/revisions\/368"}],"wp:attachment":[{"href":"https:\/\/artherapievirtus.org\/Victimes-et-Auteurs\/wp-json\/wp\/v2\/media?parent=354"}],"curies":[{"name":"wp","href":"https:\/\/api.w.org\/{rel}","templated":true}]}}