{"id":169,"date":"2013-09-25T13:17:40","date_gmt":"2013-09-25T11:17:40","guid":{"rendered":"http:\/\/artherapievirtus.org\/Victimes-et-Auteurs\/?page_id=169"},"modified":"2013-10-18T16:12:23","modified_gmt":"2013-10-18T14:12:23","slug":"centre-ressources-psylegale","status":"publish","type":"page","link":"https:\/\/artherapievirtus.org\/Victimes-et-Auteurs\/centres-ressources\/centre-ressources-psylegale\/","title":{"rendered":"Centre Ressources \u2013 Psylegale"},"content":{"rendered":"<p><a href=\"http:\/\/www.psylegale.com\/spip.php?rubrique46\"><img data-attachment-id=\"170\" data-permalink=\"https:\/\/artherapievirtus.org\/Victimes-et-Auteurs\/centres-ressources\/centre-ressources-psylegale\/logo-psylegale\/\" data-orig-file=\"https:\/\/artherapievirtus.org\/Victimes-et-Auteurs\/wp-content\/uploads\/2013\/09\/Logo-PsyL\u00e9gale.jpg\" data-orig-size=\"295,103\" data-comments-opened=\"0\" data-image-meta=\"{&quot;aperture&quot;:&quot;0&quot;,&quot;credit&quot;:&quot;&quot;,&quot;camera&quot;:&quot;&quot;,&quot;caption&quot;:&quot;&quot;,&quot;created_timestamp&quot;:&quot;0&quot;,&quot;copyright&quot;:&quot;&quot;,&quot;focal_length&quot;:&quot;0&quot;,&quot;iso&quot;:&quot;0&quot;,&quot;shutter_speed&quot;:&quot;0&quot;,&quot;title&quot;:&quot;&quot;}\" data-image-title=\"Logo PsyL\u00e9gale\" data-image-description=\"\" data-image-caption=\"\" data-medium-file=\"https:\/\/artherapievirtus.org\/Victimes-et-Auteurs\/wp-content\/uploads\/2013\/09\/Logo-PsyL\u00e9gale.jpg\" data-large-file=\"https:\/\/artherapievirtus.org\/Victimes-et-Auteurs\/wp-content\/uploads\/2013\/09\/Logo-PsyL\u00e9gale.jpg\" decoding=\"async\" loading=\"lazy\" class=\"aligncenter size-full wp-image-170\" alt=\"Logo PsyL\u00e9gale\" src=\"http:\/\/artherapievirtus.org\/Victimes-et-Auteurs\/wp-content\/uploads\/2013\/09\/Logo-PsyL\u00e9gale.jpg\" width=\"295\" height=\"103\" \/><\/a>Centre Ressources pour Intervenants aupr\u00e8s d\u2019Auteurs de Violences Sexuelles &#8211; Ile de France, P\u00f4le Ouest.<\/p>\n<h3>Nos missions\u00a0:<\/h3>\n<p>Lieu de Soutien et de Recours Cliniques.<br \/>\nPromoteur de r\u00e9seaux\u00a0: Sant\u00e9\/Social\/Justice<br \/>\nAssurer la Formation des Professionnels<br \/>\nCentre de Documentation<br \/>\nRecherche et Diffusion<\/p>\n<h3>Public concern\u00e9\u00a0:<\/h3>\n<p>TOUS LES PROFESSIONNELS EXERCANT DANS LE PUBLIC ET LE PRIVE, DANS LES CHAMPS SUIVANTS\u00a0:<br \/>\n<strong>SANTE\u00a0:<\/strong>\u00a0H\u00f4pitaux, cliniques, cabinets priv\u00e9s, secteurs et intersecteurs psychiatriques (CMP, CATTP, HDJ) M\u00e9decins g\u00e9n\u00e9ralistes, psychiatres, p\u00e9dopsychiatres, psychologues, infirmiers, Cadre de sant\u00e9.<br \/>\n<strong>SOCIAL\u00a0:<\/strong>\u00a0A.S.E, centres \u00e9ducatifs divers, centres d\u2019h\u00e9bergements, services sociaux&#8230;<br \/>\nEducateurs, Assistants sociaux, responsables de services et institutions.<br \/>\n<strong>JUSTICE\u00a0:<\/strong>\u00a0Personnel p\u00e9nitentiaire exer\u00e7ant en milieu carc\u00e9ral, P.J.J., D.S.P.I.P., C.O.A.E..<br \/>\nMagistrats (JAP, JAF, procureurs), avocats, \u00e9ducateurs, cadres \u00e9ducatifs.<\/p>\n<p>R\u00e9f\u00e9rences bibliographiques.<br \/>\nArticles.<br \/>\nTextes l\u00e9gislatifs.<br \/>\nVid\u00e9o\/audio.<\/p>\n<p>Professionnels int\u00e9ress\u00e9s \u00e0 une participation aux th\u00e8mes de recherche, en lien avec les universit\u00e9s.<br \/>\nDiffusion des avanc\u00e9es des travaux de recherche.<br \/>\nSi vous exercez dans les d\u00e9partements 78, 92 ou 94, vous relevez du p\u00f4le OUEST. Vous pouvez nous contacter au 01 56 47 03 49.<\/p>\n<p><strong><em>Pour allez sur le site, cliquer sur le logo de PsyL\u00e9gale<\/em><\/strong><\/p>\n<div><\/div>\n","protected":false},"excerpt":{"rendered":"<p>Centre Ressources pour Intervenants aupr\u00e8s d\u2019Auteurs de Violences Sexuelles &#8211; Ile de France, P\u00f4le Ouest. Nos missions\u00a0: Lieu de Soutien et de Recours Cliniques. Promoteur de r\u00e9seaux\u00a0: Sant\u00e9\/Social\/Justice Assurer la Formation des Professionnels Centre de Documentation Recherche et Diffusion Public concern\u00e9\u00a0: TOUS LES PROFESSIONNELS EXERCANT DANS LE PUBLIC ET LE PRIVE, DANS LES CHAMPS SUIVANTS\u00a0:&hellip; <\/p>\n<p class=\"toivo-read-more\"><a href=\"https:\/\/artherapievirtus.org\/Victimes-et-Auteurs\/centres-ressources\/centre-ressources-psylegale\/\" class=\"more-link\">Lire la suite <span class=\"screen-reader-text\">Centre Ressources \u2013 Psylegale<\/span><\/a><\/p>\n","protected":false},"author":20,"featured_media":0,"parent":354,"menu_order":0,"comment_status":"closed","ping_status":"closed","template":"","meta":{"jetpack_post_was_ever_published":false,"footnotes":""},"jetpack_sharing_enabled":true,"jetpack_shortlink":"https:\/\/wp.me\/P3KRkv-2J","jetpack_likes_enabled":true,"_links":{"self":[{"href":"https:\/\/artherapievirtus.org\/Victimes-et-Auteurs\/wp-json\/wp\/v2\/pages\/169"}],"collection":[{"href":"https:\/\/artherapievirtus.org\/Victimes-et-Auteurs\/wp-json\/wp\/v2\/pages"}],"about":[{"href":"https:\/\/artherapievirtus.org\/Victimes-et-Auteurs\/wp-json\/wp\/v2\/types\/page"}],"author":[{"embeddable":true,"href":"https:\/\/artherapievirtus.org\/Victimes-et-Auteurs\/wp-json\/wp\/v2\/users\/20"}],"replies":[{"embeddable":true,"href":"https:\/\/artherapievirtus.org\/Victimes-et-Auteurs\/wp-json\/wp\/v2\/comments?post=169"}],"version-history":[{"count":3,"href":"https:\/\/artherapievirtus.org\/Victimes-et-Auteurs\/wp-json\/wp\/v2\/pages\/169\/revisions"}],"predecessor-version":[{"id":214,"href":"https:\/\/artherapievirtus.org\/Victimes-et-Auteurs\/wp-json\/wp\/v2\/pages\/169\/revisions\/214"}],"up":[{"embeddable":true,"href":"https:\/\/artherapievirtus.org\/Victimes-et-Auteurs\/wp-json\/wp\/v2\/pages\/354"}],"wp:attachment":[{"href":"https:\/\/artherapievirtus.org\/Victimes-et-Auteurs\/wp-json\/wp\/v2\/media?parent=169"}],"curies":[{"name":"wp","href":"https:\/\/api.w.org\/{rel}","templated":true}]}}