{"id":59793,"date":"2020-12-24T08:58:12","date_gmt":"2020-12-24T07:58:12","guid":{"rendered":"https:\/\/artherapievirtus.org\/RAIVVI\/?page_id=59793"},"modified":"2020-12-24T09:08:35","modified_gmt":"2020-12-24T08:08:35","slug":"egart-decouvrez-les-laureat-e-s-2020-et-choisissez-une-oeuvre","status":"publish","type":"page","link":"https:\/\/artherapievirtus.org\/RAIVVI\/egart-decouvrez-les-laureat-e-s-2020-et-choisissez-une-oeuvre\/","title":{"rendered":"EgArt \u2013 D\u00e9couvrez les laur\u00e9at.e.s 2020 et choisissez une \u0153uvre"},"content":{"rendered":"<p><span id=\"m_4595048633392430354docs-internal-guid-7995084d-7fff-d194-5cf1-fa53031d4be6\">Attention, premi\u00e8re rencontre\u00a0! La notice biographique \u00e9crite avec l\u2019artiste est parfois la premi\u00e8re. Prenez le temps de rencontrer<\/span> <a href=\"https:\/\/egart.us17.list-manage.com\/track\/click?u=1b20c9ad9ab7be96866838897&amp;id=c126bbce96&amp;e=d5b984a91a\" target=\"_blank\" rel=\"noopener\" data-saferedirecturl=\"https:\/\/www.google.com\/url?q=https:\/\/egart.us17.list-manage.com\/track\/click?u%3D1b20c9ad9ab7be96866838897%26id%3Dc126bbce96%26e%3Dd5b984a91a&amp;source=gmail&amp;ust=1608876668859000&amp;usg=AFQjCNHPiR8Y-Ews_F22jQG8l4n34gZLLw\">Aline KHIEU<\/a> la voyageuse, <a href=\"https:\/\/egart.us17.list-manage.com\/track\/click?u=1b20c9ad9ab7be96866838897&amp;id=ceeada9c60&amp;e=d5b984a91a\" target=\"_blank\" rel=\"noopener\" data-saferedirecturl=\"https:\/\/www.google.com\/url?q=https:\/\/egart.us17.list-manage.com\/track\/click?u%3D1b20c9ad9ab7be96866838897%26id%3Dceeada9c60%26e%3Dd5b984a91a&amp;source=gmail&amp;ust=1608876668859000&amp;usg=AFQjCNGDy6h0yW8X7-GXxYKkEPDAFwHN5g\">Christophe BAUDOUIN<\/a> le g\u00e9ologue, <a href=\"https:\/\/egart.us17.list-manage.com\/track\/click?u=1b20c9ad9ab7be96866838897&amp;id=b16cd47e3a&amp;e=d5b984a91a\" target=\"_blank\" rel=\"noopener\" data-saferedirecturl=\"https:\/\/www.google.com\/url?q=https:\/\/egart.us17.list-manage.com\/track\/click?u%3D1b20c9ad9ab7be96866838897%26id%3Db16cd47e3a%26e%3Dd5b984a91a&amp;source=gmail&amp;ust=1608876668859000&amp;usg=AFQjCNG0rttlnWI5ZRfyQcwl5JHEQiYNFA\">H\u00e9l\u00e8ne GALLERON<\/a> la conteuse, <a href=\"https:\/\/egart.us17.list-manage.com\/track\/click?u=1b20c9ad9ab7be96866838897&amp;id=0ca3d54e59&amp;e=d5b984a91a\" target=\"_blank\" rel=\"noopener\" data-saferedirecturl=\"https:\/\/www.google.com\/url?q=https:\/\/egart.us17.list-manage.com\/track\/click?u%3D1b20c9ad9ab7be96866838897%26id%3D0ca3d54e59%26e%3Dd5b984a91a&amp;source=gmail&amp;ust=1608876668859000&amp;usg=AFQjCNHNC9nCiMwHct9qhAUJ_PVlV3CIrg\">Marc-Fran\u00e7ois BRESSON<\/a>, le peintre malicieux, et aussi les visions urbaines de <a href=\"https:\/\/egart.us17.list-manage.com\/track\/click?u=1b20c9ad9ab7be96866838897&amp;id=5c09e15ab8&amp;e=d5b984a91a\" target=\"_blank\" rel=\"noopener\" data-saferedirecturl=\"https:\/\/www.google.com\/url?q=https:\/\/egart.us17.list-manage.com\/track\/click?u%3D1b20c9ad9ab7be96866838897%26id%3D5c09e15ab8%26e%3Dd5b984a91a&amp;source=gmail&amp;ust=1608876668859000&amp;usg=AFQjCNFdFmYJHPJbD21lljaO0mD8cBOh0g\">Sonia LAWNICZAK<\/a>, les cr\u00e9atures d\u2019<a href=\"https:\/\/egart.us17.list-manage.com\/track\/click?u=1b20c9ad9ab7be96866838897&amp;id=bd0d349abc&amp;e=d5b984a91a\" target=\"_blank\" rel=\"noopener\" data-saferedirecturl=\"https:\/\/www.google.com\/url?q=https:\/\/egart.us17.list-manage.com\/track\/click?u%3D1b20c9ad9ab7be96866838897%26id%3Dbd0d349abc%26e%3Dd5b984a91a&amp;source=gmail&amp;ust=1608876668859000&amp;usg=AFQjCNFUViommZbKahBIGLdVORt_aw2B9w\">Edouard COHEN<\/a>, les architectoniques de <a href=\"https:\/\/egart.us17.list-manage.com\/track\/click?u=1b20c9ad9ab7be96866838897&amp;id=3a0e295af7&amp;e=d5b984a91a\" target=\"_blank\" rel=\"noopener\" data-saferedirecturl=\"https:\/\/www.google.com\/url?q=https:\/\/egart.us17.list-manage.com\/track\/click?u%3D1b20c9ad9ab7be96866838897%26id%3D3a0e295af7%26e%3Dd5b984a91a&amp;source=gmail&amp;ust=1608876668859000&amp;usg=AFQjCNE8-2wIsdUqil0VXYFL157Qe9vDGg\">Simon LE FUR<\/a>, les mots valises en couleurs de <a href=\"https:\/\/egart.us17.list-manage.com\/track\/click?u=1b20c9ad9ab7be96866838897&amp;id=89b7dbf5b2&amp;e=d5b984a91a\" target=\"_blank\" rel=\"noopener\" data-saferedirecturl=\"https:\/\/www.google.com\/url?q=https:\/\/egart.us17.list-manage.com\/track\/click?u%3D1b20c9ad9ab7be96866838897%26id%3D89b7dbf5b2%26e%3Dd5b984a91a&amp;source=gmail&amp;ust=1608876668859000&amp;usg=AFQjCNHlSEPFIF5qjiJdiPnoJvGrMYeMeA\">B\u00e9atrice DROMAS<\/a>, les florales de <a href=\"https:\/\/egart.us17.list-manage.com\/track\/click?u=1b20c9ad9ab7be96866838897&amp;id=045e362aa3&amp;e=d5b984a91a\" target=\"_blank\" rel=\"noopener\" data-saferedirecturl=\"https:\/\/www.google.com\/url?q=https:\/\/egart.us17.list-manage.com\/track\/click?u%3D1b20c9ad9ab7be96866838897%26id%3D045e362aa3%26e%3Dd5b984a91a&amp;source=gmail&amp;ust=1608876668859000&amp;usg=AFQjCNGAPktQKXvn4BrsJ4o21Y785aSfCQ\">Sylvie TINLOT<\/a>, la ville vue par <a href=\"https:\/\/egart.us17.list-manage.com\/track\/click?u=1b20c9ad9ab7be96866838897&amp;id=d4276cd9b8&amp;e=d5b984a91a\" target=\"_blank\" rel=\"noopener\" data-saferedirecturl=\"https:\/\/www.google.com\/url?q=https:\/\/egart.us17.list-manage.com\/track\/click?u%3D1b20c9ad9ab7be96866838897%26id%3Dd4276cd9b8%26e%3Dd5b984a91a&amp;source=gmail&amp;ust=1608876668859000&amp;usg=AFQjCNEDjHq4_2FjSbpax2ifXQj-AjZSmA\">Akio TOMITA _ \u5bcc\u7530\u6643\u751f<\/a> et le monde silencieux de <a href=\"https:\/\/egart.us17.list-manage.com\/track\/click?u=1b20c9ad9ab7be96866838897&amp;id=66a8059758&amp;e=d5b984a91a\" target=\"_blank\" rel=\"noopener\" data-saferedirecturl=\"https:\/\/www.google.com\/url?q=https:\/\/egart.us17.list-manage.com\/track\/click?u%3D1b20c9ad9ab7be96866838897%26id%3D66a8059758%26e%3Dd5b984a91a&amp;source=gmail&amp;ust=1608876668859000&amp;usg=AFQjCNHRlzOJilzHMz7gNt7vVyO71t7PwQ\">Guillaume CHOCU<\/a>. Soutenez-les\u00a0! Les \u0153uvres sont \u00e0 prix doux. Contactez-nous. Et aussi sur <a href=\"https:\/\/egart.us17.list-manage.com\/track\/click?u=1b20c9ad9ab7be96866838897&amp;id=c50c977091&amp;e=d5b984a91a\" target=\"_blank\" rel=\"noopener\" data-saferedirecturl=\"https:\/\/www.google.com\/url?q=https:\/\/egart.us17.list-manage.com\/track\/click?u%3D1b20c9ad9ab7be96866838897%26id%3Dc50c977091%26e%3Dd5b984a91a&amp;source=gmail&amp;ust=1608876668859000&amp;usg=AFQjCNEVuvGlJJg99687BDTsEO5eWP3lkQ\">egart.fr<\/a>, sur <a href=\"https:\/\/egart.us17.list-manage.com\/track\/click?u=1b20c9ad9ab7be96866838897&amp;id=01c0cd1b31&amp;e=d5b984a91a\" target=\"_blank\" rel=\"noopener\" data-saferedirecturl=\"https:\/\/www.google.com\/url?q=https:\/\/egart.us17.list-manage.com\/track\/click?u%3D1b20c9ad9ab7be96866838897%26id%3D01c0cd1b31%26e%3Dd5b984a91a&amp;source=gmail&amp;ust=1608876668859000&amp;usg=AFQjCNEsNh6AnWREkbDG4HTHA0vvwcDeww\">Facebook<\/a> et <a href=\"https:\/\/egart.us17.list-manage.com\/track\/click?u=1b20c9ad9ab7be96866838897&amp;id=4f24e9574d&amp;e=d5b984a91a\" target=\"_blank\" rel=\"noopener\" data-saferedirecturl=\"https:\/\/www.google.com\/url?q=https:\/\/egart.us17.list-manage.com\/track\/click?u%3D1b20c9ad9ab7be96866838897%26id%3D4f24e9574d%26e%3Dd5b984a91a&amp;source=gmail&amp;ust=1608876668859000&amp;usg=AFQjCNGj9LI0Y2QmCRxJO7932kAtRIFRyA\">Instagram<\/a>.<\/p>\n<p><a href=\"https:\/\/egart.fr\/portfolio-items\/beatrice-dromas\/\" target=\"_blank\" rel=\"attachment noopener wp-att-59572\"><img loading=\"lazy\" decoding=\"async\" class=\"aligncenter size-large wp-image-59572\" src=\"https:\/\/i0.wp.com\/artherapievirtus.org\/RAIVVI\/wp-content\/uploads\/Coeur-rape\u0301.jpg?resize=1024%2C768&#038;ssl=1\" alt=\"\" width=\"1024\" height=\"768\" srcset=\"https:\/\/i0.wp.com\/artherapievirtus.org\/RAIVVI\/wp-content\/uploads\/Coeur-rape\u0301.jpg?resize=1024%2C768&amp;ssl=1 1024w, https:\/\/i0.wp.com\/artherapievirtus.org\/RAIVVI\/wp-content\/uploads\/Coeur-rape\u0301.jpg?resize=500%2C375&amp;ssl=1 500w, https:\/\/i0.wp.com\/artherapievirtus.org\/RAIVVI\/wp-content\/uploads\/Coeur-rape\u0301.jpg?w=1080&amp;ssl=1 1080w\" sizes=\"(max-width: 1024px) 100vw, 1024px\" data-recalc-dims=\"1\" \/><\/a><\/p>\n<h6>B\u00e9atrice Dromas<\/h6>\n<p>B\u00e9atrice Dromas, n\u00e9e en 1966, vit pr\u00e8s de Tours (37).<br \/>\nSon travail de cr\u00e9ation quotidien et acharn\u00e9 est aujourd\u2019hui le seul exutoire \u00e0 une enfance traumatique, qu\u2019elle d\u00e9crit comme \u00ab de l\u2019ordre de l\u2019indicible \u00bb. Vers quinze ans, elle passe un CAP de r\u00e9ceptionniste, une formation d\u2019aide \u00e0 la personne et commence \u00e0 gagner sa vie. Elle d\u00e9veloppe alors une passion pour la lecture dont elle ne se d\u00e9partira jamais.<\/p>\n<p>La rencontre avec une art-th\u00e9rapeute en 2011 d\u00e9termine une nouvelle trajectoire. La pratique du collage et du dessin prend une place centrale dans sa vie. Elle entreprend d\u2019illustrer des ouvrages, du manuel th\u00e9orique de psychologie au livre de contes. Si elle participe \u00e0 plusieurs expositions depuis 2015, elle m\u00e8ne aussi des ateliers d\u2019arts plastiques.<\/p>\n<p>Son univers graphique puise autant dans le registre de la violence des \u00e9motions que dans une approche m\u00e9thodique du r\u00e9el. Une dualit\u00e9 qu\u2019elle r\u00e9sout par le recours \u00e0 la m\u00e9taphore quasi surr\u00e9aliste et aux mots valises comme avec la s\u00e9rie des C\u0153urs \u2013 r\u00e2p\u00e9, press\u00e9, \u00e9pingl\u00e9 \u2013 ou la rencontre improbable d\u2019une pieuvre-v\u00e9lo.<\/p>\n<p><a href=\"https:\/\/egart.fr\/appel-a-candidatures-laureats-2020\/\">B\u00e9atrice Dromas est laur\u00e9ate EgArt 2020<\/a>.<\/p>\n<h6>B\u00e9atrice DROMAS par elle-m\u00eame<\/h6>\n<blockquote><p>\u00ab Ma rencontre avec une art-th\u00e9rapeute a \u00e9t\u00e9 tr\u00e8s importante. Elle m\u2019a pouss\u00e9 \u00e0 cr\u00e9er et a provoqu\u00e9 chez moi une soif de d\u00e9couverte. Comment faire danser mes pinceaux sur la feuille, comment faire chanter les mots pour colorer mes journ\u00e9es, comme un m\u00e9dicament sans effet secondaire ! Je continue \u00e0 publier r\u00e9guli\u00e8rement mes dessins sur un blog qui accompagne les articles de sp\u00e9cialistes dans des revues m\u00e9dicales \u00bb.<\/p><\/blockquote>\n<h6><span style=\"color: #993300;\"><em>Pour allez sur le site de EgArt, cliquez sur l&rsquo;\u0153uvre<\/em><\/span><\/h6>\n","protected":false},"excerpt":{"rendered":"<p>Attention, premi\u00e8re rencontre\u00a0! La notice biographique \u00e9crite avec l\u2019artiste est parfois la premi\u00e8re. Prenez le temps de rencontrer Aline KHIEU la voyageuse, Christophe BAUDOUIN le g\u00e9ologue, H\u00e9l\u00e8ne GALLERON la conteuse, Marc-Fran\u00e7ois BRESSON, le peintre malicieux, et aussi les visions urbaines de Sonia LAWNICZAK, les cr\u00e9atures d\u2019Edouard COHEN, les architectoniques de Simon LE FUR, les mots&hellip; <\/p>\n<p class=\"toivo-read-more\"><a href=\"https:\/\/artherapievirtus.org\/RAIVVI\/egart-decouvrez-les-laureat-e-s-2020-et-choisissez-une-oeuvre\/\" class=\"more-link\">Lire la suite <span class=\"screen-reader-text\">EgArt \u2013 D\u00e9couvrez les laur\u00e9at.e.s 2020 et choisissez une \u0153uvre<\/span><\/a><\/p>\n","protected":false},"author":3,"featured_media":54720,"parent":0,"menu_order":0,"comment_status":"closed","ping_status":"closed","template":"","meta":{"jetpack_post_was_ever_published":false,"footnotes":""},"jetpack_sharing_enabled":true,"jetpack_likes_enabled":true,"_links":{"self":[{"href":"https:\/\/artherapievirtus.org\/RAIVVI\/wp-json\/wp\/v2\/pages\/59793"}],"collection":[{"href":"https:\/\/artherapievirtus.org\/RAIVVI\/wp-json\/wp\/v2\/pages"}],"about":[{"href":"https:\/\/artherapievirtus.org\/RAIVVI\/wp-json\/wp\/v2\/types\/page"}],"author":[{"embeddable":true,"href":"https:\/\/artherapievirtus.org\/RAIVVI\/wp-json\/wp\/v2\/users\/3"}],"replies":[{"embeddable":true,"href":"https:\/\/artherapievirtus.org\/RAIVVI\/wp-json\/wp\/v2\/comments?post=59793"}],"version-history":[{"count":7,"href":"https:\/\/artherapievirtus.org\/RAIVVI\/wp-json\/wp\/v2\/pages\/59793\/revisions"}],"predecessor-version":[{"id":59800,"href":"https:\/\/artherapievirtus.org\/RAIVVI\/wp-json\/wp\/v2\/pages\/59793\/revisions\/59800"}],"wp:featuredmedia":[{"embeddable":true,"href":"https:\/\/artherapievirtus.org\/RAIVVI\/wp-json\/wp\/v2\/media\/54720"}],"wp:attachment":[{"href":"https:\/\/artherapievirtus.org\/RAIVVI\/wp-json\/wp\/v2\/media?parent=59793"}],"curies":[{"name":"wp","href":"https:\/\/api.w.org\/{rel}","templated":true}]}}