{"id":27198,"date":"2018-03-15T14:55:09","date_gmt":"2018-03-15T13:55:09","guid":{"rendered":"http:\/\/artherapievirtus.org\/RAIVVI\/?page_id=27198"},"modified":"2019-11-30T04:59:04","modified_gmt":"2019-11-30T03:59:04","slug":"publications","status":"publish","type":"page","link":"https:\/\/artherapievirtus.org\/RAIVVI\/publications\/","title":{"rendered":"Publications"},"content":{"rendered":"<p>(2019) <strong><span style=\"color: #008000;\">article<\/span><\/strong> dans CATA Envisage 2.3 \u2013 Fall 2019 : <a href=\"https:\/\/www.canadianarttherapy.org\/wp-content\/uploads\/2019\/11\/CATA-Envisage-2.3-fall-2019_final.pdf\" target=\"_blank\" rel=\"noopener noreferrer\">\u00ab\u00a0Le blogue, moyen de r\u00e9introduction de l\u2019\u00e9crit dans le cas de traumatismes et de dissociations \u00bb<\/a><br \/>\n(2019) <strong><span style=\"color: #008000;\">article<\/span><\/strong> dans <span style=\"color: #ffcc00;\">European Journal of trauma &amp; dissociation :\u00a0<\/span> <a href=\"https:\/\/www.sciencedirect.com\/science\/article\/abs\/pii\/S2468749919300626\" target=\"_blank\" rel=\"noopener noreferrer\">\u00ab\u00a0L\u2019utilisation de l\u2019art-th\u00e9rapie dans le cadre d\u2019une fugue dissociative \u00bb<\/a><br \/>\n(2018) <strong><span style=\"color: #008000;\">article<\/span><\/strong> dans <span style=\"color: #ffcc00;\">European Journal of trauma &amp; dissociation :<\/span> <a href=\"https:\/\/www.sciencedirect.com\/science\/article\/pii\/S2468749918300188\" target=\"_blank\" rel=\"noopener noreferrer\">\u00ab\u00a0Distorsion spatio-temporelle post-traumatique dans un suivi de blogue art-th\u00e9rapeutique\u00a0\u00bb<\/a><br \/>\n(2018) <strong><span style=\"color: #3366ff;\">Poster<\/span><\/strong> au <span style=\"color: #e8096a;\">16e congr\u00e8s des soins somatiques et douleur en sant\u00e9 mentale :<\/span> <a href=\"http:\/\/www.anp3sm.com\/wp-content\/uploads\/2014\/06\/Emmanuelle-CESARI-La-douleur.pdf\" target=\"_blank\" rel=\"noopener noreferrer\">\u00ab\u00a0Traitement par l&rsquo;art-th\u00e9rapie pour particulariser la confusion entre la douleur physique\/psychique\u00a0\u00bb<\/a><br \/>\n(2017) <strong><span style=\"color: #008000;\">article<\/span><\/strong> dans <span style=\"color: #ff6600;\">Revue de la soci\u00e9t\u00e9 fran\u00e7aise de psychopathologie de l&rsquo;expression et d&rsquo;art-th\u00e9rapie :<\/span> <a href=\"http:\/\/artherapievirtus.org\/RAIVVI\/publications\/32-cesari-bd\/\" target=\"_blank\" rel=\"noopener noreferrer\">\u00ab\u00a0Quelle pr\u00e9servation de l&rsquo;intime sur Internet ?\u00a0\u00bb<\/a><br \/>\n(2016) <strong><span style=\"color: #008000;\">article<\/span><\/strong> dans <span style=\"color: #ff6600;\">Revue annuelle de la F\u00e9d\u00e9ration Fran\u00e7aise des Art-Th\u00e9rapeutes : <a href=\"http:\/\/www.ffat-federation.org\/images\/stories\/documents\/Brochure%202016%20-%20SOMMAIRE.pdf\" target=\"_blank\" rel=\"noopener noreferrer\">\u00ab\u00a0D\u00e9composer pour survivre, recomposer pour vivre\u00a0\u00bb<\/a><\/span><\/p>\n\r\n\t<div class=\"slideshow_container slideshow_container_style-light\" style=\"height: 500px; \" data-slideshow-id=\"38408\" data-style-name=\"style-light\" data-style-version=\"2.3.1\" >\r\n\r\n\t\t\t\t\t<div class=\"slideshow_loading_icon\"><\/div>\r\n\t\t\r\n\t\t<div class=\"slideshow_content\" style=\"display: none;\">\r\n\r\n\t\t\t<div class=\"slideshow_view\">\r\n\t\t\t\t<div class=\"slideshow_slide slideshow_slide_image\">\r\n\t\t\t\t\t\t\t\t\t\t\t<img src=\"https:\/\/i0.wp.com\/artherapievirtus.org\/RAIVVI\/wp-content\/uploads\/X24687499.jpg?fit=576%2C768&amp;ssl=1\" alt=\"X24687499\" width=\"576\" height=\"768\" \/>\r\n\t\t\t\t\t\t\t\t\t\t<div class=\"slideshow_description_box slideshow_transparent\">\r\n\t\t\t\t\t\t<div class=\"slideshow_title\">X24687499<\/div>\t\t\t\t\t\t\t\t\t\t\t<\/div>\r\n\t\t\t\t<\/div>\r\n\r\n\t\t\t\t\t\t<div style=\"clear: both;\"><\/div><\/div><div class=\"slideshow_view\">\r\n\t\t\t\t<div class=\"slideshow_slide slideshow_slide_image\">\r\n\t\t\t\t\t\t\t\t\t\t\t<img src=\"https:\/\/i0.wp.com\/artherapievirtus.org\/RAIVVI\/wp-content\/uploads\/Couv-lintime-1.jpg?fit=292%2C606&amp;ssl=1\" alt=\"Couv-lintime\" width=\"292\" height=\"606\" \/>\r\n\t\t\t\t\t\t\t\t\t\t<div class=\"slideshow_description_box slideshow_transparent\">\r\n\t\t\t\t\t\t<div class=\"slideshow_title\">Couv-lintime<\/div>\t\t\t\t\t\t\t\t\t\t\t<\/div>\r\n\t\t\t\t<\/div>\r\n\r\n\t\t\t\t\t\t<div style=\"clear: both;\"><\/div><\/div><div class=\"slideshow_view\">\r\n\t\t\t\t<div class=\"slideshow_slide slideshow_slide_image\">\r\n\t\t\t\t\t\t\t\t\t\t\t<img src=\"https:\/\/i0.wp.com\/artherapievirtus.org\/RAIVVI\/wp-content\/uploads\/Poster-EC-La-douleur-psychique-physique-1.jpeg?fit=665%2C887&amp;ssl=1\" alt=\"Poster EC La douleur psychique &amp; physique\" width=\"665\" height=\"887\" \/>\r\n\t\t\t\t\t\t\t\t\t\t<div class=\"slideshow_description_box slideshow_transparent\">\r\n\t\t\t\t\t\t<div class=\"slideshow_title\">Poster EC La douleur psychique &amp; physique<\/div>\t\t\t\t\t\t\t\t\t\t\t<\/div>\r\n\t\t\t\t<\/div>\r\n\r\n\t\t\t\t\t\t<div style=\"clear: both;\"><\/div><\/div>\r\n\t\t<\/div>\r\n\r\n\t\t<div class=\"slideshow_controlPanel slideshow_transparent\" style=\"display: none;\"><ul><li class=\"slideshow_togglePlay\" data-play-text=\"Play\" data-pause-text=\"Pause\"><\/li><\/ul><\/div>\r\n\r\n\t\t<div class=\"slideshow_button slideshow_previous slideshow_transparent\" role=\"button\" data-previous-text=\"Pr\u00e9c\u00e9dent\" style=\"display: none;\"><\/div>\r\n\t\t<div class=\"slideshow_button slideshow_next slideshow_transparent\" role=\"button\" data-next-text=\"Suivant\" style=\"display: none;\"><\/div>\r\n\r\n\t\t<div class=\"slideshow_pagination\" style=\"display: none;\" data-go-to-text=\"Go to slide\"><div class=\"slideshow_pagination_center\"><\/div><\/div>\r\n\r\n\t\t<!-- WordPress Slideshow Version 2.3.1 -->\r\n\r\n\t\t\t<\/div>\r\n\r\n\n<hr \/>\n<p><a href=\"http:\/\/artherapievirtus.org\/RAIVVI\/publications\/15931372-2\/\" rel=\"attachment wp-att-38402\"><img loading=\"lazy\" decoding=\"async\" class=\"aligncenter size-full wp-image-38402\" src=\"https:\/\/i0.wp.com\/artherapievirtus.org\/RAIVVI\/wp-content\/uploads\/15931372-1.png?resize=315%2C89\" alt=\"\" width=\"315\" height=\"89\" data-recalc-dims=\"1\" \/><\/a><\/p>\n<p><a href=\"http:\/\/artherapievirtus.org\/RAIVVI\/publications\/programme-v-13\/\" rel=\"attachment wp-att-38403\">PROGRAMME-V-13<\/a><\/p>\n<p><a href=\"http:\/\/www.anp3sm.com\/wp-content\/uploads\/2014\/06\/Emmanuelle-CESARI-La-douleur.pdf\" target=\"_blank\" rel=\"attachment noopener wp-att-38401 noreferrer\"><img loading=\"lazy\" decoding=\"async\" class=\"aligncenter wp-image-38401 size-full\" src=\"https:\/\/i0.wp.com\/artherapievirtus.org\/RAIVVI\/wp-content\/uploads\/Poster-EC-La-douleur-psychique-physique-1.jpeg?resize=665%2C887\" alt=\"\" width=\"665\" height=\"887\" srcset=\"https:\/\/i0.wp.com\/artherapievirtus.org\/RAIVVI\/wp-content\/uploads\/Poster-EC-La-douleur-psychique-physique-1.jpeg?w=665&amp;ssl=1 665w, https:\/\/i0.wp.com\/artherapievirtus.org\/RAIVVI\/wp-content\/uploads\/Poster-EC-La-douleur-psychique-physique-1.jpeg?resize=375%2C500&amp;ssl=1 375w\" sizes=\"(max-width: 665px) 100vw, 665px\" data-recalc-dims=\"1\" \/><\/a><\/p>\n<h6><span style=\"color: #993300;\"><em>Pour aller sur le site cliquez sur le poster<\/em><\/span><\/h6>\n<p>http:\/\/www.anp3sm.com\/documentations-congres.html<\/p>\n<hr \/>\n<p><a id=\"journal-title\" class=\"anchor js-title-link anchor-has-background-color anchor-has-inherit-color\" href=\"https:\/\/www.sciencedirect.com\/journal\/european-journal-of-trauma-and-dissociation\"><\/a><a href=\"https:\/\/www.sciencedirect.com\/science\/article\/pii\/S2468749918300188\" target=\"_blank\" rel=\"attachment noopener wp-att-30325 noreferrer\"><img loading=\"lazy\" decoding=\"async\" class=\"alignleft wp-image-30325 size-medium\" src=\"https:\/\/i0.wp.com\/artherapievirtus.org\/RAIVVI\/wp-content\/uploads\/X24687499-375x500.jpg?resize=375%2C500\" alt=\"\" width=\"375\" height=\"500\" srcset=\"https:\/\/i0.wp.com\/artherapievirtus.org\/RAIVVI\/wp-content\/uploads\/X24687499.jpg?resize=375%2C500&amp;ssl=1 375w, https:\/\/i0.wp.com\/artherapievirtus.org\/RAIVVI\/wp-content\/uploads\/X24687499.jpg?w=576&amp;ssl=1 576w\" sizes=\"(max-width: 375px) 100vw, 375px\" data-recalc-dims=\"1\" \/><\/a>European Journal of Trauma &amp; Dissociation<br \/>\n<a href=\"https:\/\/www.sciencedirect.com\/science\/article\/pii\/S2468749918300188\" target=\"_blank\" rel=\"noopener noreferrer\"><span style=\"color: #008000;\"><strong>Distorsion spatio-temporelle post-traumatique dans un suivi de blogue art-th\u00e9rapeutique<\/strong><\/span><\/a><br \/>\nOriginal research article<br \/>\nEmmanuelle Cesari<br \/>\nhttps:\/\/doi.org\/10.1016\/j.ejtd.2018.06.002<br \/>\nR\u00e9sum\u00e9<br \/>\nLe choc post-traumatique pr\u00e9sente des sp\u00e9cificit\u00e9s dans le rapport du sujet \u00e0 l\u2019espace-temps. L\u2019objet de la pr\u00e9sente \u00e9tude est de montrer que face \u00e0 cet \u00e9tat, qui s\u2019apparente \u00e0 une confusion spatio-temporelle durable aux effets cons\u00e9quents sur les plans sensori-moteur et cognitif. L\u2019outil blogue peut avoir des effets art-th\u00e9rapeutiques en favorisant un travail de reconstruction du sujet traumatis\u00e9. En cr\u00e9ant une nouvelle temporalit\u00e9 dans un espace prot\u00e9g\u00e9, cet outil permet en effet un travail de r\u00e9unification et de liaison intrapsychique dans le lien avec l\u2019art-th\u00e9rapeute.<\/p>\n<p><a href=\"http:\/\/artherapievirtus.org\/RAIVVI\/publications\/ec-distorsion-spatio-temporelle-post-traumatiqu-e-dans-un-suivi-de-blogue-art-therapeutique\/\" rel=\"attachment wp-att-31069\">EC Distorsion spatio-temporelle post-traumatiqu e dans un suivi de blogue art-th\u00e9rapeutique<\/a>\u00a0pdf<\/p>\n<hr \/>\n<p><a href=\"http:\/\/artherapievirtus.org\/RAIVVI\/publications\/couv-lintime-2\/\" rel=\"attachment wp-att-27201\"><img loading=\"lazy\" decoding=\"async\" class=\"alignleft wp-image-27201 size-medium\" src=\"https:\/\/i0.wp.com\/artherapievirtus.org\/RAIVVI\/wp-content\/uploads\/Couv-lintime-1-241x500.jpg?resize=241%2C500\" alt=\"\" width=\"241\" height=\"500\" srcset=\"https:\/\/i0.wp.com\/artherapievirtus.org\/RAIVVI\/wp-content\/uploads\/Couv-lintime-1.jpg?resize=241%2C500&amp;ssl=1 241w, https:\/\/i0.wp.com\/artherapievirtus.org\/RAIVVI\/wp-content\/uploads\/Couv-lintime-1.jpg?w=292&amp;ssl=1 292w\" sizes=\"(max-width: 241px) 100vw, 241px\" data-recalc-dims=\"1\" \/><\/a>Cesari, Emmanuelle (2017). \u00ab\u00a0Quelle pr\u00e9servation de l&rsquo;intime sur Internet ?\u00a0\u00bb, <em>revue de la soci\u00e9t\u00e9 fran\u00e7aise de psychopathologie de l&rsquo;expression et d&rsquo;art-th\u00e9rapie,<\/em> journ\u00e9e d&rsquo;automne 2017, pp 165-168.<\/p>\n<hr \/>\n<p><strong><span style=\"color: #008000;\"><a style=\"color: #008000;\" href=\"http:\/\/artherapievirtus.org\/RAIVVI\/publications\/32-cesari-bd\/\" target=\"_blank\" rel=\"attachment noopener wp-att-27202 noreferrer\">Quelle pr\u00e9servation de l&rsquo;intime sur Internet ?<\/a><\/span><\/strong><\/p>\n<hr \/>\n<p>Pour acqu\u00e9rir la revue, cliquez sur le logo de la sfpeat<a href=\"https:\/\/www.sfpe-art-therapie.fr\/_a59.html\" target=\"_blank\" rel=\"attachment noopener wp-att-27206 noreferrer\"><img loading=\"lazy\" decoding=\"async\" class=\"alignright wp-image-27206 size-full\" src=\"https:\/\/i0.wp.com\/artherapievirtus.org\/RAIVVI\/wp-content\/uploads\/titre_16800176.png?resize=220%2C127&#038;ssl=1\" alt=\"\" width=\"220\" height=\"127\" data-recalc-dims=\"1\" \/><\/a><\/p>\n<hr \/>\n<p>&nbsp;<\/p>\n<p>&nbsp;<\/p>\n<p>&nbsp;<\/p>\n<p>&nbsp;<\/p>\n<p>&nbsp;<\/p>\n<p><a href=\"https:\/\/artherapievirtus.org\/RAIVVI\/publications\/couv-ffat-2016\/\" rel=\"attachment wp-att-41560\"><img loading=\"lazy\" decoding=\"async\" class=\"wp-image-41560 size-medium alignleft\" src=\"https:\/\/i0.wp.com\/artherapievirtus.org\/RAIVVI\/wp-content\/uploads\/Couv-FFAT-2016.jpg?resize=376%2C500&#038;ssl=1\" alt=\"\" width=\"376\" height=\"500\" srcset=\"https:\/\/i0.wp.com\/artherapievirtus.org\/RAIVVI\/wp-content\/uploads\/Couv-FFAT-2016.jpg?resize=376%2C500&amp;ssl=1 376w, https:\/\/i0.wp.com\/artherapievirtus.org\/RAIVVI\/wp-content\/uploads\/Couv-FFAT-2016.jpg?w=685&amp;ssl=1 685w\" sizes=\"(max-width: 376px) 100vw, 376px\" data-recalc-dims=\"1\" \/><\/a>Cesari, Emmanuelle (2016). \u00ab D\u00e9composer pour survivre, recomposer pour vivre \u00bb, <em>revue annuelle de la F\u00e9d\u00e9ration fran\u00e7aise des Art-th\u00e9rapeutes \u2013 \u00ab De la m\u00e9moire, l\u2019Art-th\u00e9rapie, un levier \u00bb<\/em>, pp. 35-40.<\/p>\n<p><a href=\"https:\/\/artherapievirtus.org\/RAIVVI\/publications\/communication-emmanuelle-cesari\/\" target=\"_blank\" rel=\"attachment noopener wp-att-41564 noreferrer\">Article en pdf<\/a><\/p>\n","protected":false},"excerpt":{"rendered":"<p>(2019) article dans CATA Envisage 2.3 \u2013 Fall 2019 : \u00ab\u00a0Le blogue, moyen de r\u00e9introduction de l\u2019\u00e9crit dans le cas de traumatismes et de dissociations \u00bb (2019) article dans European Journal of trauma &amp; dissociation :\u00a0 \u00ab\u00a0L\u2019utilisation de l\u2019art-th\u00e9rapie dans le cadre d\u2019une fugue dissociative \u00bb (2018) article dans European Journal of trauma &amp; dissociation&hellip; <\/p>\n<p class=\"toivo-read-more\"><a href=\"https:\/\/artherapievirtus.org\/RAIVVI\/publications\/\" class=\"more-link\">Lire la suite <span class=\"screen-reader-text\">Publications<\/span><\/a><\/p>\n","protected":false},"author":3,"featured_media":0,"parent":0,"menu_order":0,"comment_status":"closed","ping_status":"closed","template":"","meta":{"jetpack_post_was_ever_published":false,"footnotes":""},"jetpack_sharing_enabled":true,"jetpack_likes_enabled":true,"_links":{"self":[{"href":"https:\/\/artherapievirtus.org\/RAIVVI\/wp-json\/wp\/v2\/pages\/27198"}],"collection":[{"href":"https:\/\/artherapievirtus.org\/RAIVVI\/wp-json\/wp\/v2\/pages"}],"about":[{"href":"https:\/\/artherapievirtus.org\/RAIVVI\/wp-json\/wp\/v2\/types\/page"}],"author":[{"embeddable":true,"href":"https:\/\/artherapievirtus.org\/RAIVVI\/wp-json\/wp\/v2\/users\/3"}],"replies":[{"embeddable":true,"href":"https:\/\/artherapievirtus.org\/RAIVVI\/wp-json\/wp\/v2\/comments?post=27198"}],"version-history":[{"count":25,"href":"https:\/\/artherapievirtus.org\/RAIVVI\/wp-json\/wp\/v2\/pages\/27198\/revisions"}],"predecessor-version":[{"id":47178,"href":"https:\/\/artherapievirtus.org\/RAIVVI\/wp-json\/wp\/v2\/pages\/27198\/revisions\/47178"}],"wp:attachment":[{"href":"https:\/\/artherapievirtus.org\/RAIVVI\/wp-json\/wp\/v2\/media?parent=27198"}],"curies":[{"name":"wp","href":"https:\/\/api.w.org\/{rel}","templated":true}]}}