{"id":2461,"date":"2013-09-04T20:15:16","date_gmt":"2013-09-04T18:15:16","guid":{"rendered":"http:\/\/artherapievirtus.org\/RAIVVI\/?page_id=2461"},"modified":"2019-04-07T10:38:52","modified_gmt":"2019-04-07T08:38:52","slug":"ou-trouver-des-ateliers-dart-therapie-pour-les-femmes-victimes-de-violences","status":"publish","type":"page","link":"https:\/\/artherapievirtus.org\/RAIVVI\/ou-trouver-des-ateliers-dart-therapie-pour-les-femmes-victimes-de-violences\/","title":{"rendered":"O\u00f9 trouver des ateliers d&rsquo;Art-th\u00e9rapie pour les femmes victimes de violences"},"content":{"rendered":"<p><a href=\"http:\/\/centrephoenix.com\/index.php\/a-propos\/\" target=\"_blank\" rel=\"attachment noopener wp-att-40532 noreferrer\"><img loading=\"lazy\" decoding=\"async\" class=\"aligncenter  wp-image-40532\" src=\"https:\/\/i0.wp.com\/artherapievirtus.org\/RAIVVI\/wp-content\/uploads\/Logo-CPPR.jpg?resize=316%2C140\" alt=\"\" width=\"316\" height=\"140\" data-recalc-dims=\"1\" \/><\/a><a href=\"http:\/\/artherapievirtus.org\/RAIVVI\/ou-trouver-des-ateliers-dart-therapie-pour-les-femmes-victimes-de-violences\/logo-reahvi\/\" rel=\"attachment wp-att-6664\"><br \/>\n<\/a>Le CPPR s&rsquo;appuie sur la D\u00e9claration des Nations unies.<br \/>\nIl propose un traitement th\u00e9rapeutique groupal-individuel en respectant les \u00e9tapes de gu\u00e9rison.<br \/>\nLe groupe fonctionne comme une unit\u00e9 minime sociale avec le travail de la r\u00e9silience pour rebondir, en allant chercher dans le pass\u00e9, avant l\u2019agression.<br \/>\nD&rsquo;autre part, Il s\u2019agit de construire un pont pour transmettre des paroles, des \u00e9nergies, des images oubli\u00e9es.<br \/>\nNous estimons que la r\u00e9silience, comme le propose Boris Cyrulnik, est la capacit\u00e9 de rebondir apr\u00e8s le traumatisme. Ainsi, nous irons puiser l\u00e0 o\u00f9 il avait des \u00e9nergies pour les utiliser individuellement et aussi de les partager avec le groupe.<br \/>\nLe centre Phoenix comprendra un p\u00f4le de traitement th\u00e9rapeutique pour la reconstruction de liens individuels et sociaux et un p\u00f4le de recherche et partenariat.<br \/>\nLes deux p\u00f4les contribueront au soutien, \u00e0 l\u2019\u00e9laboration et \u00e0 l\u2019am\u00e9lioration des projets pour la prise en charge des victimes.<\/p>\n<h6><span style=\"color: #0000ff;\">Le p\u00f4le de traitement th\u00e9rapeutique<\/span><\/h6>\n<p>Tout d&rsquo;abord, le p\u00f4le est dirig\u00e9 par le directeur avec l\u2019\u00e9quipe de psychologues et art-th\u00e9rapeutes. Ensuite, ils coordonneront ensemble les activit\u00e9s, les \u00e9volutions, l\u2019\u00e9laboration des traitements.<br \/>\nFinalement, le p\u00f4le sera d\u00e9di\u00e9 aux \u00e9tudes de cas, de tests, de statistiques, de partages avec d\u2019autres professionnels.<\/p>\n<h6><span style=\"color: #0000ff;\">Le\u00a0p\u00f4le de recherche et partenariat<\/span><\/h6>\n<p>Le p\u00f4le de recherche et partenariat participera \u00e0 des colloques et en organisera.<br \/>\nEnfin, il mettra en place des partenariats aux niveaux national et international avec d\u2019autres centres de sant\u00e9 psychique ainsi que des universit\u00e9s.<br \/>\n<a href=\"http:\/\/centrephoenix.com\/index.php\/contact\/\" target=\"_blank\" rel=\"noopener noreferrer\">Merci de nous contacter au centre Phoenix<\/a><br \/>\n01 81 70 09 77<br \/>\n<a href=\"http:\/\/artherapievirtus.org\/lart-therapie-pour-venir-en-aide-aux-personnes-qui-ont-vecu-un-traumatisme-2\/\" target=\"_blank\" rel=\"noopener noreferrer\">L&rsquo;Art-th\u00e9rapie pour venir en aide aux personnes qui ont v\u00e9cu un traumatisme<\/a><\/p>\n<h6><em><span style=\"color: #993300;\">Par aller sur le site, cliquez sur le logo<\/span><\/em><\/h6>\n<hr \/>\n<p><strong>Troyes, Dijon, Paris<\/strong><br \/>\n<a href=\"http:\/\/www.solidaritefemmes.org\/ewb_pages\/c\/carte-de-france.php?search1=Champagne-Ardennes#formres\"><img loading=\"lazy\" decoding=\"async\" class=\"alignleft size-full wp-image-2464\" src=\"https:\/\/i0.wp.com\/artherapievirtus.org\/RAIVVI\/wp-content\/uploads\/Logo-solidarit\u00e9-femmes.jpg?resize=295%2C187\" alt=\"Logo solidarit\u00e9 femmes\" width=\"295\" height=\"187\" data-recalc-dims=\"1\" \/><\/a><\/p>\n<h4><span style=\"color: #993300;\">Solidarit\u00e9 femme 10 (FNSF)<\/span><\/h4>\n<p>Ateliers d&rsquo;Art-Th\u00e9rapie<br \/>\n3 bis, rue Voltaire, 10000 Troyes<br \/>\nT\u00e9l: 03 25 73 26 26 \u2013 mail\u00a0: <a href=\"mailto:contact@solidaritefemmes-aube.fr\">contact@solidaritefemmes-aube.fr<\/a><br \/>\nCr\u00e9ation du dispositif\u00a0: existe depuis 1 an (mais depuis 2 ans pour les ateliers femmes).<br \/>\nDescriptif du dispositif\u00a0: Ateliers d&rsquo;Art-th\u00e9rapie<br \/>\n<b>\u2022 L&rsquo;atelier femmes\u00a0: <\/b><br \/>\nUn temps o\u00f9 les femmes peuvent venir \u00ab\u00a0se poser\u00a0\u00bb, prendre du recul et s&rsquo;exprimer dans une atmosph\u00e8re calme et \u2028s\u00e9curisante pour plus d&rsquo;autonomie, apprendre \u00e0 mieux se conna\u00eetre et s&rsquo;\u00e9couter, am\u00e9liorer la relation \u00e0 soi et aux \u2028autres, retrouver confiance, s&rsquo;y lib\u00e9rer de certaines tensions en les projetant dans l&rsquo;\u0153uvre, oser s&rsquo;exprimer, oser entreprendre en lib\u00e9rant ses capacit\u00e9s d&rsquo;action et mettre du sens sur son v\u00e9cu.<br \/>\nDes prises de conscience peuvent appara\u00eetre progressivement, elles se reconstruisent et des projets peuvent reprendre \u2028forme et am\u00e9liorer leur \u00e9tat de sant\u00e9 g\u00e9n\u00e9ral.<br \/>\n<b>\u2022 L&rsquo;atelier m\u00e8re enfants\u00a0: <\/b><br \/>\nUn temps privil\u00e9gi\u00e9 pour les m\u00e8res et leurs enfants afin d&rsquo;aider \u00e0 consolider ou reconstruire leurs liens, en passant par \u2028un espace et un temps pour accueillir m\u00e8res et enfants, un lieu d&rsquo;expression et de mise \u00e0 distance des difficult\u00e9s \u00e0 travers \u2028la cr\u00e9ation, un temps de partage, de communication. Les m\u00e8res peuvent y apprendre \u00e0 mieux entendre et soutenir leurs \u2028enfants. De ce fait l&rsquo;enfant peut d\u00e9velopper davantage de confiance vis-\u00e0-vis de sa m\u00e8re, des adultes et par cons\u00e9quent \u2028vis-\u00e0-vis de lui-m\u00eame et retrouver un bien-\u00eatre.<br \/>\nUn attachement \u00ab\u00a0s\u00e9cure\u00a0\u00bb peut se mettre en place.<br \/>\nPublic vis\u00e9 et re\u00e7u\u00a0: les femmes et leurs enfants, victimes de violences conjugales et intrafamiliales.<\/p>\n<hr \/>\n<p><a href=\"http:\/\/artherapievirtus.org\/RAIVVI\/ou-trouver-des-ateliers-dart-therapie-pour-les-femmes-victimes-de-violences\/logo-art-therapie-virtus-carre\/\" rel=\"attachment wp-att-5190\"><img loading=\"lazy\" decoding=\"async\" class=\"alignleft size-thumbnail wp-image-5190\" src=\"https:\/\/i0.wp.com\/artherapievirtus.org\/RAIVVI\/wp-content\/uploads\/Logo-art-therapie-virtus-carr\u00e9-150x150.jpg?resize=150%2C150\" alt=\"Logo art therapie virtus carr\u00e9\" width=\"150\" height=\"150\" data-recalc-dims=\"1\" \/><\/a><\/p>\n<h4><span style=\"color: #993300;\">Art-Th\u00e9rapie Virtus<\/span><\/h4>\n<p><a href=\"https:\/\/www.google.com\/maps\/place\/12+Rue+L%C3%A9on+Blum,+92110+Clichy,+France\/@48.9076332,2.2999966,17z\/data=!3m1!4b1!4m5!3m4!1s0x47e66f6d60f2f19d:0xd84cf5ad17aa030!8m2!3d48.9076332!4d2.3021853?hl=en\" target=\"_blank\" rel=\"attachment wp-att-17042 noopener noreferrer\"><img loading=\"lazy\" decoding=\"async\" class=\"wp-image-17042 size-thumbnail alignleft\" src=\"https:\/\/i0.wp.com\/artherapievirtus.org\/RAIVVI\/wp-content\/uploads\/Logo-Kamu-150x150.jpg?resize=150%2C150\" alt=\"\" width=\"150\" height=\"150\" srcset=\"https:\/\/i0.wp.com\/artherapievirtus.org\/RAIVVI\/wp-content\/uploads\/Logo-Kamu.jpg?resize=150%2C150&amp;ssl=1 150w, https:\/\/i0.wp.com\/artherapievirtus.org\/RAIVVI\/wp-content\/uploads\/Logo-Kamu.jpg?resize=500%2C500&amp;ssl=1 500w, https:\/\/i0.wp.com\/artherapievirtus.org\/RAIVVI\/wp-content\/uploads\/Logo-Kamu.jpg?resize=300%2C300&amp;ssl=1 300w, https:\/\/i0.wp.com\/artherapievirtus.org\/RAIVVI\/wp-content\/uploads\/Logo-Kamu.jpg?resize=140%2C140&amp;ssl=1 140w, https:\/\/i0.wp.com\/artherapievirtus.org\/RAIVVI\/wp-content\/uploads\/Logo-Kamu.jpg?w=600&amp;ssl=1 600w\" sizes=\"(max-width: 150px) 100vw, 150px\" data-recalc-dims=\"1\" \/><\/a><strong>Au Kamu<\/strong><br \/>\n12, rue L\u00e9on Blum \u2013 92110 Clichy<br \/>\nM\u00e9tro Mairie de Clichy<br \/>\nles mardis matin<br \/>\nartherapievirtus@gmail.com<\/p>\n<hr \/>\n<h4><span style=\"color: #993300;\">Oasis Centre des femmes de Toronto<\/span><\/h4>\n<p>Propose un programme d\u2019art-th\u00e9rapie afin d\u2019aider les femmes victimes de violences \u00e0 s\u2019exprimer.<br \/>\n<iframe loading=\"lazy\" src=\"\/\/www.youtube.com\/embed\/WNwkjt7yQkc\" width=\"560\" height=\"315\" frameborder=\"0\" allowfullscreen=\"allowfullscreen\"><\/iframe><\/p>\n<hr \/>\n<p><a href=\"http:\/\/artherapievirtus.org\/RAIVVI\/ou-trouver-des-ateliers-dart-therapie-pour-les-femmes-victimes-de-violences\/logo-reahvi\/\" rel=\"attachment wp-att-6664\"><img loading=\"lazy\" decoding=\"async\" class=\"aligncenter size-full wp-image-6664\" src=\"https:\/\/i0.wp.com\/artherapievirtus.org\/RAIVVI\/wp-content\/uploads\/Logo-Reahvi.gif?resize=237%2C178\" alt=\"Logo-Reahvi\" width=\"237\" height=\"178\" data-recalc-dims=\"1\" \/><\/a><\/p>\n<h4><span style=\"color: #993300;\">Recherche Active et Humaniste sur la Violence<\/span><\/h4>\n<h6>reahvi@la poste.net<\/h6>\n<p><strong>06 24 30 77 86<\/strong><br \/>\n7, impasse Jacquet<br \/>\n21850 Saint Apollinaire<br \/>\nL&rsquo;association Reahvi recherche et d\u00e9veloppe des actions permettant de r\u00e9duire la violence de fa\u00e7on innovante, pour la cr\u00e9ation d&rsquo;un lieu de prise en charge.<br \/>\n\u2022 Questionne, diffuse et \u00e9change sur les pratiques actuelles dans le domaine de la violence.<br \/>\n\u2022 Permet la cr\u00e9ation de pratiques novatrices.<br \/>\n\u2022 Ouvre un lieu ressource \u00e0 destination des professionnel-les pour s&rsquo;informer et se former.<\/p>\n<p>Depuis 2014, notre groupe a une volont\u00e9 double :<br \/>\n\u2013 Mettre une expertise en commun des diff\u00e9rents professionnel-les: psychologue, art-th\u00e9rapeute, juriste, responsable d&rsquo;entreprise, sociologue, infirmier-e\u2026<br \/>\n\u2013 Impliquer des personnes qui ont v\u00e9cu ce passage de la violence subie \u00e0 la violence agie.<\/p>\n<hr \/>\n<h4><span style=\"color: #993300;\">Art-Th\u00e9rapie l\u2019Almandin<\/span><\/h4>\n<p><a href=\"http:\/\/genevievebartoli.fr\/wp-content\/uploads\/2015\/12\/Enfant-int%C3%A9rieur-Flyer-A4.pdf\" target=\"_blank\" rel=\"noopener noreferrer\"><strong>S\u00e9minaire sur l\u2019Enfant int\u00e9rieur<\/strong> <\/a>: dessins spontan\u00e9s, \u00e9criture \u00e0 deux mains, dialogues avec soi pour se gu\u00e9rir des blessures du pass\u00e9, atelier bimensuel le mardi soir de 19h \u00e0 22h.<br \/>\nDessins spontan\u00e9s, \u00e9criture \u00e0 deux mains, dialogues int\u00e9rieurs pour se gu\u00e9rir des blessures du pass\u00e9<\/p>\n<h6><span style=\"color: #339966;\">Renseignements et inscriptions :<\/span><\/h6>\n<p><strong>06 15 65 64 94<\/strong><br \/>\nou<br \/>\n<strong>gbartoli@neuf.fr<\/strong><br \/>\nsite : genevievebartoli.fr<br \/>\nTarif : 30 \u20ac l&rsquo;atelier \u2013 50\u20ac le mois<br \/>\nEngagement pour le trimestre apr\u00e8s la 1\u00e8re s\u00e9ance<br \/>\nCh\u00e8que d\u2019arrhes = 30 \u20ac<br \/>\nA l\u2019ordre de l\u2019association L\u2019Almandin<br \/>\n3, impasse Thiers 93200 St Denis<br \/>\nm\u00e9tro Saint Denis Porte de Paris<br \/>\nou RER Saint Denis<\/p>\n","protected":false},"excerpt":{"rendered":"<p>Le CPPR s&rsquo;appuie sur la D\u00e9claration des Nations unies. Il propose un traitement th\u00e9rapeutique groupal-individuel en respectant les \u00e9tapes de gu\u00e9rison. Le groupe fonctionne comme une unit\u00e9 minime sociale avec le travail de la r\u00e9silience pour rebondir, en allant chercher dans le pass\u00e9, avant l\u2019agression. D&rsquo;autre part, Il s\u2019agit de construire un pont pour transmettre&hellip; <\/p>\n<p class=\"toivo-read-more\"><a href=\"https:\/\/artherapievirtus.org\/RAIVVI\/ou-trouver-des-ateliers-dart-therapie-pour-les-femmes-victimes-de-violences\/\" class=\"more-link\">Lire la suite <span class=\"screen-reader-text\">O\u00f9 trouver des ateliers d&rsquo;Art-th\u00e9rapie pour les femmes victimes de violences<\/span><\/a><\/p>\n","protected":false},"author":3,"featured_media":0,"parent":0,"menu_order":0,"comment_status":"open","ping_status":"closed","template":"","meta":{"jetpack_post_was_ever_published":false,"footnotes":""},"jetpack_sharing_enabled":true,"jetpack_likes_enabled":true,"_links":{"self":[{"href":"https:\/\/artherapievirtus.org\/RAIVVI\/wp-json\/wp\/v2\/pages\/2461"}],"collection":[{"href":"https:\/\/artherapievirtus.org\/RAIVVI\/wp-json\/wp\/v2\/pages"}],"about":[{"href":"https:\/\/artherapievirtus.org\/RAIVVI\/wp-json\/wp\/v2\/types\/page"}],"author":[{"embeddable":true,"href":"https:\/\/artherapievirtus.org\/RAIVVI\/wp-json\/wp\/v2\/users\/3"}],"replies":[{"embeddable":true,"href":"https:\/\/artherapievirtus.org\/RAIVVI\/wp-json\/wp\/v2\/comments?post=2461"}],"version-history":[{"count":15,"href":"https:\/\/artherapievirtus.org\/RAIVVI\/wp-json\/wp\/v2\/pages\/2461\/revisions"}],"predecessor-version":[{"id":40533,"href":"https:\/\/artherapievirtus.org\/RAIVVI\/wp-json\/wp\/v2\/pages\/2461\/revisions\/40533"}],"wp:attachment":[{"href":"https:\/\/artherapievirtus.org\/RAIVVI\/wp-json\/wp\/v2\/media?parent=2461"}],"curies":[{"name":"wp","href":"https:\/\/api.w.org\/{rel}","templated":true}]}}