{"id":12272,"date":"2016-06-23T08:07:07","date_gmt":"2016-06-23T06:07:07","guid":{"rendered":"http:\/\/artherapievirtus.org\/RAIVVI\/?page_id=12272"},"modified":"2016-06-25T08:22:27","modified_gmt":"2016-06-25T06:22:27","slug":"concours-donner-envie-de-donner","status":"publish","type":"page","link":"https:\/\/artherapievirtus.org\/RAIVVI\/concours-donner-envie-de-donner\/","title":{"rendered":"Concours \u2013 Donner envie de donner"},"content":{"rendered":"<h4><span style=\"color: #000080;\">Webassoc organise un concours<\/span><\/h4>\n<p><a href=\"http:\/\/www.webassoc.fr\/donner2016\/?utm_source=email_160519&amp;utm_medium=donner2016&amp;utm_campaign=assos\" target=\"_blank\" rel=\"attachment wp-att-11832\"><img loading=\"lazy\" decoding=\"async\" class=\"size-full wp-image-11832 alignleft\" src=\"https:\/\/i0.wp.com\/artherapievirtus.org\/RAIVVI\/wp-content\/uploads\/image.png?resize=209%2C209\" alt=\"image\" width=\"209\" height=\"209\" srcset=\"https:\/\/i0.wp.com\/artherapievirtus.org\/RAIVVI\/wp-content\/uploads\/image.png?w=209&amp;ssl=1 209w, https:\/\/i0.wp.com\/artherapievirtus.org\/RAIVVI\/wp-content\/uploads\/image.png?resize=150%2C150&amp;ssl=1 150w, https:\/\/i0.wp.com\/artherapievirtus.org\/RAIVVI\/wp-content\/uploads\/image.png?resize=140%2C140&amp;ssl=1 140w\" sizes=\"(max-width: 209px) 100vw, 209px\" data-recalc-dims=\"1\" \/><\/a><a href=\"http:\/\/artherapievirtus.org\/RAIVVI\/concours-donner-lart-et-la-maniere\/\" target=\"_blank\">Concours \u2013 Donner, l&rsquo;art et la mani\u00e8re par B\u00e9atrice M\u00e9moire-Peinte<\/a><\/p>\n<p><span style=\"font-size: 18px; color: #e36664;\">Pour donner envie de donner :<\/span><br \/>\n<span style=\"font-size: 18px; color: #e36664;\">de belles histoires de don !<\/span><br \/>\nQue vous les ayez vues, ou que vous y ayez particip\u00e9, elles peuvent inspirer, alors racontez-les \ud83d\ude42<\/p>\n<p><em>Le pouce sur lequel on doit cliquer est celui du chadoc de Tarik Toudert dans les publications des visiteurs du<\/em> <em>Facebook de webassoc.<\/em><\/p>\n<p><iframe loading=\"lazy\" style=\"border: none; overflow: hidden;\" src=\"https:\/\/www.facebook.com\/plugins\/post.php?href=https%3A%2F%2Fwww.facebook.com%2Fpermalink.php%3Fstory_fbid%3D308392102825059%26id%3D713498422007644&amp;width=500\" width=\"500\" height=\"410\" frameborder=\"0\" scrolling=\"no\"><\/iframe><br \/>\n<a href=\"http:\/\/artherapievirtus.org\/RAIVVI\/concours-donner-lart-et-la-maniere\/fleche\/\" rel=\"attachment wp-att-11871\"><img loading=\"lazy\" decoding=\"async\" class=\"alignleft wp-image-11871\" src=\"https:\/\/i0.wp.com\/artherapievirtus.org\/RAIVVI\/wp-content\/uploads\/fleche-140x140.png?resize=66%2C66\" alt=\"fleche\" width=\"66\" height=\"66\" srcset=\"https:\/\/i0.wp.com\/artherapievirtus.org\/RAIVVI\/wp-content\/uploads\/fleche.png?resize=140%2C140&amp;ssl=1 140w, https:\/\/i0.wp.com\/artherapievirtus.org\/RAIVVI\/wp-content\/uploads\/fleche.png?w=142&amp;ssl=1 142w\" sizes=\"(max-width: 66px) 100vw, 66px\" data-recalc-dims=\"1\" \/><\/a><\/p>\n<p>&nbsp;<\/p>\n<p><a href=\"http:\/\/artherapievirtus.org\/RAIVVI\/concours-donner-lart-et-la-maniere\/\" target=\"_blank\"><img loading=\"lazy\" decoding=\"async\" class=\"aligncenter wp-image-3595 size-full\" src=\"https:\/\/i0.wp.com\/artherapievirtus.org\/asso\/wp-content\/uploads\/2016\/06\/Concours.jpg?resize=425%2C248&#038;ssl=1\" alt=\"Concours\" width=\"425\" height=\"248\" data-recalc-dims=\"1\" \/><\/a><\/p>\n<p><a href=\"http:\/\/www.fundraisers.fr\/page\/seminaire-francophone-de-la-collecte-de-fonds\" target=\"_blank\"><img loading=\"lazy\" decoding=\"async\" class=\"aligncenter size-medium wp-image-3598\" src=\"https:\/\/i0.wp.com\/artherapievirtus.org\/asso\/wp-content\/uploads\/2016\/06\/Logo-AFF-juin-2016-300x91.jpg?resize=300%2C91&#038;ssl=1\" alt=\"Logo AFF juin 2016\" width=\"300\" height=\"91\" data-recalc-dims=\"1\" \/><\/a><\/p>\n<p><img loading=\"lazy\" decoding=\"async\" class=\"aligncenter wp-image-3592 size-large\" src=\"https:\/\/i0.wp.com\/artherapievirtus.org\/asso\/wp-content\/uploads\/2016\/05\/ClpRC6sXIAAevUh-1024x768.jpg?resize=1024%2C768&#038;ssl=1\" alt=\"ClpRC6sXIAAevUh\" width=\"1024\" height=\"768\" data-recalc-dims=\"1\" \/><\/p>\n<p>Les 2 plus belles histoires de don :<\/p>\n<h5><span style=\"color: #3366ff;\">Histoire s\u00e9lectionn\u00e9e par les associations partenaires :<\/span><\/h5>\n<h4><span style=\"color: #339966;\">La technologie positive<\/span><\/h4>\n<p>par <strong>Victoire<\/strong>,<br \/>\n<em>le 7 juin 2016<\/em><\/p>\n<h5><span style=\"color: #3366ff;\">Histoire s\u00e9lectionn\u00e9e par le public sur Facebook :<\/span><\/h5>\n<h4><span style=\"color: #339966;\">Le dessin peut remplacer les mots<\/span><\/h4>\n<p><strong>par B\u00e9atrice,<\/strong><br \/>\n<em>le 19 mai 2016<\/em><\/p>\n","protected":false},"excerpt":{"rendered":"<p>Webassoc organise un concours Concours \u2013 Donner, l&rsquo;art et la mani\u00e8re par B\u00e9atrice M\u00e9moire-Peinte Pour donner envie de donner : de belles histoires de don ! Que vous les ayez vues, ou que vous y ayez particip\u00e9, elles peuvent inspirer, alors racontez-les \ud83d\ude42 Le pouce sur lequel on doit cliquer est celui du chadoc de&hellip; <\/p>\n<p class=\"toivo-read-more\"><a href=\"https:\/\/artherapievirtus.org\/RAIVVI\/concours-donner-envie-de-donner\/\" class=\"more-link\">Lire la suite <span class=\"screen-reader-text\">Concours \u2013 Donner envie de donner<\/span><\/a><\/p>\n","protected":false},"author":6,"featured_media":0,"parent":0,"menu_order":0,"comment_status":"closed","ping_status":"closed","template":"","meta":{"jetpack_post_was_ever_published":false,"footnotes":""},"jetpack_sharing_enabled":true,"jetpack_likes_enabled":true,"_links":{"self":[{"href":"https:\/\/artherapievirtus.org\/RAIVVI\/wp-json\/wp\/v2\/pages\/12272"}],"collection":[{"href":"https:\/\/artherapievirtus.org\/RAIVVI\/wp-json\/wp\/v2\/pages"}],"about":[{"href":"https:\/\/artherapievirtus.org\/RAIVVI\/wp-json\/wp\/v2\/types\/page"}],"author":[{"embeddable":true,"href":"https:\/\/artherapievirtus.org\/RAIVVI\/wp-json\/wp\/v2\/users\/6"}],"replies":[{"embeddable":true,"href":"https:\/\/artherapievirtus.org\/RAIVVI\/wp-json\/wp\/v2\/comments?post=12272"}],"version-history":[{"count":2,"href":"https:\/\/artherapievirtus.org\/RAIVVI\/wp-json\/wp\/v2\/pages\/12272\/revisions"}],"predecessor-version":[{"id":12274,"href":"https:\/\/artherapievirtus.org\/RAIVVI\/wp-json\/wp\/v2\/pages\/12272\/revisions\/12274"}],"wp:attachment":[{"href":"https:\/\/artherapievirtus.org\/RAIVVI\/wp-json\/wp\/v2\/media?parent=12272"}],"curies":[{"name":"wp","href":"https:\/\/api.w.org\/{rel}","templated":true}]}}